{"id":812,"date":"2021-02-01T15:38:21","date_gmt":"2021-02-01T14:38:21","guid":{"rendered":"https:\/\/laurasis.com\/?page_id=812"},"modified":"2021-04-28T19:52:23","modified_gmt":"2021-04-28T17:52:23","slug":"a-propos","status":"publish","type":"page","link":"https:\/\/laurasis.com\/index.php\/a-propos\/","title":{"rendered":"\u00c0 propos"},"content":{"rendered":"\n<p>\ud83c\uddeb\ud83c\uddf7 La fondatrice de cette entreprise est Mme Castry Laura. Esth\u00e9ticienne cosm\u00e9ticienne de formation, avec une sp\u00e9cialisation du traitement des peaux noires, m\u00e9tiss\u00e9e et asiatiques. Titulaire d\u2019un certificat de comp\u00e9tence Europ\u00e9enne, de produits de luxes et de parfumeries, parrain\u00e9 par la maison Cartier.<\/p>\n\n\n\n<p>Apr\u00e8s avoir travaill\u00e9 pour plusieurs marques prestigieuses et plusieurs grandes enseignes de produits cosm\u00e9tiques, elle a d\u00e9cid\u00e9 de se lancer dans la cr\u00e9ation de produits authentiques, doux et efficaces, \u00e0 partir de la pharmacop\u00e9e de la Guadeloupe, afin de retourner \u00e0 l\u2019essentiel, tout en y puisant, toute la richesse et les biens faits.<\/p>\n\n\n\n<p class=\"has-text-align-center\">                                                                       <strong>____________________<\/strong><\/p>\n\n\n\n<p>\ud83c\uddfa\ud83c\uddf8 The founder of this company is Mrs. Castry Laura. She is a trained cosmetician, specializing in the treatment of black, mixed, and Asian skin. Holder of a European certificate of competence, luxury products and perfumery, sponsored by la maison Cartier.<\/p>\n\n\n\n<p>After having worked for several prestigious brands and several large cosmetic companies, she decided to create authentic, soft and effective products, from the pharmacopoeia of Guadeloupe, in order to go back to the essential, while drawing all the richness and the facts.<\/p>\n","protected":false},"excerpt":{"rendered":"<p>\ud83c\uddeb\ud83c\uddf7 La fondatrice de cette entreprise est Mme Castry Laura. Esth\u00e9ticienne cosm\u00e9ticienne de formation, avec une sp\u00e9cialisation du traitement des peaux noires, m\u00e9tiss\u00e9e et asiatiques. Titulaire d\u2019un certificat de comp\u00e9tence Europ\u00e9enne, de produits de luxes et de parfumeries, parrain\u00e9 par la maison Cartier. Apr\u00e8s avoir travaill\u00e9 pour plusieurs marques prestigieuses et plusieurs grandes enseignes de [&hellip;]<\/p>\n","protected":false},"author":2,"featured_media":0,"parent":0,"menu_order":0,"comment_status":"closed","ping_status":"closed","template":"","meta":{"footnotes":""},"class_list":["post-812","page","type-page","status-publish","hentry"],"yoast_head":"<!-- This site is optimized with the Yoast SEO plugin v27.5 - https:\/\/yoast.com\/product\/yoast-seo-wordpress\/ -->\n<title>\u00c0 propos - LAURASIS<\/title>\n<meta name=\"robots\" content=\"index, follow, max-snippet:-1, max-image-preview:large, max-video-preview:-1\" \/>\n<link rel=\"canonical\" href=\"https:\/\/laurasis.com\/index.php\/a-propos\/\" \/>\n<meta property=\"og:locale\" content=\"fr_FR\" \/>\n<meta property=\"og:type\" content=\"article\" \/>\n<meta property=\"og:title\" content=\"\u00c0 propos - LAURASIS\" \/>\n<meta property=\"og:description\" content=\"\ud83c\uddeb\ud83c\uddf7 La fondatrice de cette entreprise est Mme Castry Laura. Esth\u00e9ticienne cosm\u00e9ticienne de formation, avec une sp\u00e9cialisation du traitement des peaux noires, m\u00e9tiss\u00e9e et asiatiques. Titulaire d\u2019un certificat de comp\u00e9tence Europ\u00e9enne, de produits de luxes et de parfumeries, parrain\u00e9 par la maison Cartier. Apr\u00e8s avoir travaill\u00e9 pour plusieurs marques prestigieuses et plusieurs grandes enseignes de [&hellip;]\" \/>\n<meta property=\"og:url\" content=\"https:\/\/laurasis.com\/index.php\/a-propos\/\" \/>\n<meta property=\"og:site_name\" content=\"LAURASIS\" \/>\n<meta property=\"article:modified_time\" content=\"2021-04-28T17:52:23+00:00\" \/>\n<meta name=\"twitter:card\" content=\"summary_large_image\" \/>\n<meta name=\"twitter:label1\" content=\"Dur\u00e9e de lecture estim\u00e9e\" \/>\n\t<meta name=\"twitter:data1\" content=\"1 minute\" \/>\n<script type=\"application\/ld+json\" class=\"yoast-schema-graph\">{\"@context\":\"https:\\\/\\\/schema.org\",\"@graph\":[{\"@type\":\"WebPage\",\"@id\":\"https:\\\/\\\/laurasis.com\\\/index.php\\\/a-propos\\\/\",\"url\":\"https:\\\/\\\/laurasis.com\\\/index.php\\\/a-propos\\\/\",\"name\":\"\u00c0 propos - LAURASIS\",\"isPartOf\":{\"@id\":\"https:\\\/\\\/laurasis.com\\\/#website\"},\"datePublished\":\"2021-02-01T14:38:21+00:00\",\"dateModified\":\"2021-04-28T17:52:23+00:00\",\"breadcrumb\":{\"@id\":\"https:\\\/\\\/laurasis.com\\\/index.php\\\/a-propos\\\/#breadcrumb\"},\"inLanguage\":\"fr-FR\",\"potentialAction\":[{\"@type\":\"ReadAction\",\"target\":[\"https:\\\/\\\/laurasis.com\\\/index.php\\\/a-propos\\\/\"]}]},{\"@type\":\"BreadcrumbList\",\"@id\":\"https:\\\/\\\/laurasis.com\\\/index.php\\\/a-propos\\\/#breadcrumb\",\"itemListElement\":[{\"@type\":\"ListItem\",\"position\":1,\"name\":\"Accueil\",\"item\":\"https:\\\/\\\/laurasis.com\\\/\"},{\"@type\":\"ListItem\",\"position\":2,\"name\":\"\u00c0 propos\"}]},{\"@type\":\"WebSite\",\"@id\":\"https:\\\/\\\/laurasis.com\\\/#website\",\"url\":\"https:\\\/\\\/laurasis.com\\\/\",\"name\":\"LAURASIS\",\"description\":\"Laurais Beaut\u00e9 Cr\u00e9ole, une oasis de bien-\u00eatre.\",\"publisher\":{\"@id\":\"https:\\\/\\\/laurasis.com\\\/#organization\"},\"potentialAction\":[{\"@type\":\"SearchAction\",\"target\":{\"@type\":\"EntryPoint\",\"urlTemplate\":\"https:\\\/\\\/laurasis.com\\\/?s={search_term_string}\"},\"query-input\":{\"@type\":\"PropertyValueSpecification\",\"valueRequired\":true,\"valueName\":\"search_term_string\"}}],\"inLanguage\":\"fr-FR\"},{\"@type\":\"Organization\",\"@id\":\"https:\\\/\\\/laurasis.com\\\/#organization\",\"name\":\"Laurasis Beaut\u00e9 Cr\u00e9ole\",\"url\":\"https:\\\/\\\/laurasis.com\\\/\",\"logo\":{\"@type\":\"ImageObject\",\"inLanguage\":\"fr-FR\",\"@id\":\"https:\\\/\\\/laurasis.com\\\/#\\\/schema\\\/logo\\\/image\\\/\",\"url\":\"https:\\\/\\\/laurasis.com\\\/wp-content\\\/uploads\\\/2024\\\/06\\\/Logo-LBC-transparent.png\",\"contentUrl\":\"https:\\\/\\\/laurasis.com\\\/wp-content\\\/uploads\\\/2024\\\/06\\\/Logo-LBC-transparent.png\",\"width\":311,\"height\":169,\"caption\":\"Laurasis Beaut\u00e9 Cr\u00e9ole\"},\"image\":{\"@id\":\"https:\\\/\\\/laurasis.com\\\/#\\\/schema\\\/logo\\\/image\\\/\"},\"sameAs\":[\"https:\\\/\\\/www.instagram.com\\\/LAURASISBEAUTECREOLE\\\/\"]}]}<\/script>\n<!-- \/ Yoast SEO plugin. -->","yoast_head_json":{"title":"\u00c0 propos - LAURASIS","robots":{"index":"index","follow":"follow","max-snippet":"max-snippet:-1","max-image-preview":"max-image-preview:large","max-video-preview":"max-video-preview:-1"},"canonical":"https:\/\/laurasis.com\/index.php\/a-propos\/","og_locale":"fr_FR","og_type":"article","og_title":"\u00c0 propos - LAURASIS","og_description":"\ud83c\uddeb\ud83c\uddf7 La fondatrice de cette entreprise est Mme Castry Laura. Esth\u00e9ticienne cosm\u00e9ticienne de formation, avec une sp\u00e9cialisation du traitement des peaux noires, m\u00e9tiss\u00e9e et asiatiques. Titulaire d\u2019un certificat de comp\u00e9tence Europ\u00e9enne, de produits de luxes et de parfumeries, parrain\u00e9 par la maison Cartier. Apr\u00e8s avoir travaill\u00e9 pour plusieurs marques prestigieuses et plusieurs grandes enseignes de [&hellip;]","og_url":"https:\/\/laurasis.com\/index.php\/a-propos\/","og_site_name":"LAURASIS","article_modified_time":"2021-04-28T17:52:23+00:00","twitter_card":"summary_large_image","twitter_misc":{"Dur\u00e9e de lecture estim\u00e9e":"1 minute"},"schema":{"@context":"https:\/\/schema.org","@graph":[{"@type":"WebPage","@id":"https:\/\/laurasis.com\/index.php\/a-propos\/","url":"https:\/\/laurasis.com\/index.php\/a-propos\/","name":"\u00c0 propos - LAURASIS","isPartOf":{"@id":"https:\/\/laurasis.com\/#website"},"datePublished":"2021-02-01T14:38:21+00:00","dateModified":"2021-04-28T17:52:23+00:00","breadcrumb":{"@id":"https:\/\/laurasis.com\/index.php\/a-propos\/#breadcrumb"},"inLanguage":"fr-FR","potentialAction":[{"@type":"ReadAction","target":["https:\/\/laurasis.com\/index.php\/a-propos\/"]}]},{"@type":"BreadcrumbList","@id":"https:\/\/laurasis.com\/index.php\/a-propos\/#breadcrumb","itemListElement":[{"@type":"ListItem","position":1,"name":"Accueil","item":"https:\/\/laurasis.com\/"},{"@type":"ListItem","position":2,"name":"\u00c0 propos"}]},{"@type":"WebSite","@id":"https:\/\/laurasis.com\/#website","url":"https:\/\/laurasis.com\/","name":"LAURASIS","description":"Laurais Beaut\u00e9 Cr\u00e9ole, une oasis de bien-\u00eatre.","publisher":{"@id":"https:\/\/laurasis.com\/#organization"},"potentialAction":[{"@type":"SearchAction","target":{"@type":"EntryPoint","urlTemplate":"https:\/\/laurasis.com\/?s={search_term_string}"},"query-input":{"@type":"PropertyValueSpecification","valueRequired":true,"valueName":"search_term_string"}}],"inLanguage":"fr-FR"},{"@type":"Organization","@id":"https:\/\/laurasis.com\/#organization","name":"Laurasis Beaut\u00e9 Cr\u00e9ole","url":"https:\/\/laurasis.com\/","logo":{"@type":"ImageObject","inLanguage":"fr-FR","@id":"https:\/\/laurasis.com\/#\/schema\/logo\/image\/","url":"https:\/\/laurasis.com\/wp-content\/uploads\/2024\/06\/Logo-LBC-transparent.png","contentUrl":"https:\/\/laurasis.com\/wp-content\/uploads\/2024\/06\/Logo-LBC-transparent.png","width":311,"height":169,"caption":"Laurasis Beaut\u00e9 Cr\u00e9ole"},"image":{"@id":"https:\/\/laurasis.com\/#\/schema\/logo\/image\/"},"sameAs":["https:\/\/www.instagram.com\/LAURASISBEAUTECREOLE\/"]}]}},"_links":{"self":[{"href":"https:\/\/laurasis.com\/index.php\/wp-json\/wp\/v2\/pages\/812","targetHints":{"allow":["GET"]}}],"collection":[{"href":"https:\/\/laurasis.com\/index.php\/wp-json\/wp\/v2\/pages"}],"about":[{"href":"https:\/\/laurasis.com\/index.php\/wp-json\/wp\/v2\/types\/page"}],"author":[{"embeddable":true,"href":"https:\/\/laurasis.com\/index.php\/wp-json\/wp\/v2\/users\/2"}],"replies":[{"embeddable":true,"href":"https:\/\/laurasis.com\/index.php\/wp-json\/wp\/v2\/comments?post=812"}],"version-history":[{"count":9,"href":"https:\/\/laurasis.com\/index.php\/wp-json\/wp\/v2\/pages\/812\/revisions"}],"predecessor-version":[{"id":866,"href":"https:\/\/laurasis.com\/index.php\/wp-json\/wp\/v2\/pages\/812\/revisions\/866"}],"wp:attachment":[{"href":"https:\/\/laurasis.com\/index.php\/wp-json\/wp\/v2\/media?parent=812"}],"curies":[{"name":"wp","href":"https:\/\/api.w.org\/{rel}","templated":true}]}}