{"id":1419,"date":"2024-08-22T20:38:15","date_gmt":"2024-08-22T18:38:15","guid":{"rendered":"https:\/\/laurasis.com\/?post_type=product&#038;p=1419"},"modified":"2025-12-29T14:12:09","modified_gmt":"2025-12-29T13:12:09","slug":"savon-myel-curcuma","status":"publish","type":"product","link":"https:\/\/laurasis.com\/index.php\/produit\/savon-myel-curcuma\/","title":{"rendered":"Savon My\u00e8l &#038; Curcuma"},"content":{"rendered":"","protected":false},"excerpt":{"rendered":"<h2><strong>D\u00e9tail du produit<\/strong><\/h2>\n<p>Le savon My\u00e8l et curcuma de Laurasis Beaut\u00e9 Cr\u00e9ole <strong>(\u2248100g)<\/strong><br \/>\nPrix : 6,60 \u20ac TTC (hors frais de livraison)<\/p>\n<p>Le savon au miel et au curcuma de Laurasis Beaut\u00e9 Cr\u00e9ole, a des propri\u00e9t\u00e9s\u00a0 cicatrisante, anti inflammatoire et r\u00e9g\u00e9n\u00e9rante.<br \/>\nIl est recommand\u00e9 pour, les peaux acn\u00e9iques, ainsi que contre les taches brunes d\u00fb au vieillissement de la peau.<\/p>\n<h5><em><strong>Savon 100% v\u00e9g\u00e9tal, sans colorants ni conservateurs.<\/strong><\/em><\/h5>\n<p>Produit fabriqu\u00e9 en Guadeloupe \ud83c\uddec\ud83c\uddf5<\/p>\n","protected":false},"featured_media":1627,"comment_status":"closed","ping_status":"closed","template":"","meta":[],"product_brand":[],"product_cat":[29,63,32],"product_tag":[],"class_list":{"0":"post-1419","1":"product","2":"type-product","3":"status-publish","4":"has-post-thumbnail","6":"product_cat-savons","7":"product_cat-les-savons-au-miel","8":"product_cat-les-savons-aux-plantes","10":"first","11":"instock","12":"featured","13":"taxable","14":"shipping-taxable","15":"purchasable","16":"product-type-simple"},"yoast_head":"<!-- This site is optimized with the Yoast SEO plugin v27.5 - https:\/\/yoast.com\/product\/yoast-seo-wordpress\/ -->\n<title>Savon My\u00e8l &amp; Curcuma - LAURASIS<\/title>\n<meta name=\"description\" content=\"Le savon au miel et au curcuma de Laurasis Beaut\u00e9 Cr\u00e9ole, a des propri\u00e9t\u00e9s\u00a0 cicatrisante, anti inflammatoire et r\u00e9g\u00e9n\u00e9rante. Il est recommand\u00e9 pour, les peaux acn\u00e9iques, ainsi que contre les taches brunes d\u00fb au vieillissement de la peau.\" \/>\n<meta name=\"robots\" content=\"index, follow, max-snippet:-1, max-image-preview:large, max-video-preview:-1\" \/>\n<link rel=\"canonical\" href=\"https:\/\/laurasis.com\/index.php\/produit\/savon-myel-curcuma\/\" \/>\n<meta property=\"og:locale\" content=\"fr_FR\" \/>\n<meta property=\"og:type\" content=\"article\" \/>\n<meta property=\"og:title\" content=\"Savon My\u00e8l &amp; Curcuma - LAURASIS\" \/>\n<meta property=\"og:description\" content=\"Le savon au miel et au curcuma de Laurasis Beaut\u00e9 Cr\u00e9ole, a des propri\u00e9t\u00e9s\u00a0 cicatrisante, anti inflammatoire et r\u00e9g\u00e9n\u00e9rante. Il est recommand\u00e9 pour, les peaux acn\u00e9iques, ainsi que contre les taches brunes d\u00fb au vieillissement de la peau.\" \/>\n<meta property=\"og:url\" content=\"https:\/\/laurasis.com\/index.php\/produit\/savon-myel-curcuma\/\" \/>\n<meta property=\"og:site_name\" content=\"LAURASIS\" \/>\n<meta property=\"article:modified_time\" content=\"2025-12-29T13:12:09+00:00\" \/>\n<meta property=\"og:image\" content=\"https:\/\/laurasis.com\/wp-content\/uploads\/2025\/10\/Savon-Myel-et-Curcuma.png\" \/>\n\t<meta property=\"og:image:width\" content=\"1280\" \/>\n\t<meta property=\"og:image:height\" content=\"960\" \/>\n\t<meta property=\"og:image:type\" content=\"image\/png\" \/>\n<meta name=\"twitter:card\" content=\"summary_large_image\" \/>\n<script type=\"application\/ld+json\" class=\"yoast-schema-graph\">{\"@context\":\"https:\\\/\\\/schema.org\",\"@graph\":[{\"@type\":\"WebPage\",\"@id\":\"https:\\\/\\\/laurasis.com\\\/index.php\\\/produit\\\/savon-myel-curcuma\\\/\",\"url\":\"https:\\\/\\\/laurasis.com\\\/index.php\\\/produit\\\/savon-myel-curcuma\\\/\",\"name\":\"Savon My\u00e8l & Curcuma - LAURASIS\",\"isPartOf\":{\"@id\":\"https:\\\/\\\/laurasis.com\\\/#website\"},\"primaryImageOfPage\":{\"@id\":\"https:\\\/\\\/laurasis.com\\\/index.php\\\/produit\\\/savon-myel-curcuma\\\/#primaryimage\"},\"image\":{\"@id\":\"https:\\\/\\\/laurasis.com\\\/index.php\\\/produit\\\/savon-myel-curcuma\\\/#primaryimage\"},\"thumbnailUrl\":\"https:\\\/\\\/laurasis.com\\\/wp-content\\\/uploads\\\/2025\\\/10\\\/Savon-Myel-et-Curcuma.png\",\"datePublished\":\"2024-08-22T18:38:15+00:00\",\"dateModified\":\"2025-12-29T13:12:09+00:00\",\"description\":\"Le savon au miel et au curcuma de Laurasis Beaut\u00e9 Cr\u00e9ole, a des propri\u00e9t\u00e9s\u00a0 cicatrisante, anti inflammatoire et r\u00e9g\u00e9n\u00e9rante. Il est recommand\u00e9 pour, les peaux acn\u00e9iques, ainsi que contre les taches brunes d\u00fb au vieillissement de la peau.\",\"breadcrumb\":{\"@id\":\"https:\\\/\\\/laurasis.com\\\/index.php\\\/produit\\\/savon-myel-curcuma\\\/#breadcrumb\"},\"inLanguage\":\"fr-FR\",\"potentialAction\":[{\"@type\":\"ReadAction\",\"target\":[\"https:\\\/\\\/laurasis.com\\\/index.php\\\/produit\\\/savon-myel-curcuma\\\/\"]}]},{\"@type\":\"ImageObject\",\"inLanguage\":\"fr-FR\",\"@id\":\"https:\\\/\\\/laurasis.com\\\/index.php\\\/produit\\\/savon-myel-curcuma\\\/#primaryimage\",\"url\":\"https:\\\/\\\/laurasis.com\\\/wp-content\\\/uploads\\\/2025\\\/10\\\/Savon-Myel-et-Curcuma.png\",\"contentUrl\":\"https:\\\/\\\/laurasis.com\\\/wp-content\\\/uploads\\\/2025\\\/10\\\/Savon-Myel-et-Curcuma.png\",\"width\":1280,\"height\":960},{\"@type\":\"BreadcrumbList\",\"@id\":\"https:\\\/\\\/laurasis.com\\\/index.php\\\/produit\\\/savon-myel-curcuma\\\/#breadcrumb\",\"itemListElement\":[{\"@type\":\"ListItem\",\"position\":1,\"name\":\"Accueil\",\"item\":\"https:\\\/\\\/laurasis.com\\\/\"},{\"@type\":\"ListItem\",\"position\":2,\"name\":\"Boutique\",\"item\":\"https:\\\/\\\/laurasis.com\\\/index.php\\\/boutique\\\/\"},{\"@type\":\"ListItem\",\"position\":3,\"name\":\"Savon My\u00e8l &#038; Curcuma\"}]},{\"@type\":\"WebSite\",\"@id\":\"https:\\\/\\\/laurasis.com\\\/#website\",\"url\":\"https:\\\/\\\/laurasis.com\\\/\",\"name\":\"LAURASIS\",\"description\":\"Laurais Beaut\u00e9 Cr\u00e9ole, une oasis de bien-\u00eatre.\",\"publisher\":{\"@id\":\"https:\\\/\\\/laurasis.com\\\/#organization\"},\"potentialAction\":[{\"@type\":\"SearchAction\",\"target\":{\"@type\":\"EntryPoint\",\"urlTemplate\":\"https:\\\/\\\/laurasis.com\\\/?s={search_term_string}\"},\"query-input\":{\"@type\":\"PropertyValueSpecification\",\"valueRequired\":true,\"valueName\":\"search_term_string\"}}],\"inLanguage\":\"fr-FR\"},{\"@type\":\"Organization\",\"@id\":\"https:\\\/\\\/laurasis.com\\\/#organization\",\"name\":\"Laurasis Beaut\u00e9 Cr\u00e9ole\",\"url\":\"https:\\\/\\\/laurasis.com\\\/\",\"logo\":{\"@type\":\"ImageObject\",\"inLanguage\":\"fr-FR\",\"@id\":\"https:\\\/\\\/laurasis.com\\\/#\\\/schema\\\/logo\\\/image\\\/\",\"url\":\"https:\\\/\\\/laurasis.com\\\/wp-content\\\/uploads\\\/2024\\\/06\\\/Logo-LBC-transparent.png\",\"contentUrl\":\"https:\\\/\\\/laurasis.com\\\/wp-content\\\/uploads\\\/2024\\\/06\\\/Logo-LBC-transparent.png\",\"width\":311,\"height\":169,\"caption\":\"Laurasis Beaut\u00e9 Cr\u00e9ole\"},\"image\":{\"@id\":\"https:\\\/\\\/laurasis.com\\\/#\\\/schema\\\/logo\\\/image\\\/\"},\"sameAs\":[\"https:\\\/\\\/www.instagram.com\\\/LAURASISBEAUTECREOLE\\\/\"]}]}<\/script>\n<!-- \/ Yoast SEO plugin. -->","yoast_head_json":{"title":"Savon My\u00e8l & Curcuma - LAURASIS","description":"Le savon au miel et au curcuma de Laurasis Beaut\u00e9 Cr\u00e9ole, a des propri\u00e9t\u00e9s\u00a0 cicatrisante, anti inflammatoire et r\u00e9g\u00e9n\u00e9rante. Il est recommand\u00e9 pour, les peaux acn\u00e9iques, ainsi que contre les taches brunes d\u00fb au vieillissement de la peau.","robots":{"index":"index","follow":"follow","max-snippet":"max-snippet:-1","max-image-preview":"max-image-preview:large","max-video-preview":"max-video-preview:-1"},"canonical":"https:\/\/laurasis.com\/index.php\/produit\/savon-myel-curcuma\/","og_locale":"fr_FR","og_type":"article","og_title":"Savon My\u00e8l & Curcuma - LAURASIS","og_description":"Le savon au miel et au curcuma de Laurasis Beaut\u00e9 Cr\u00e9ole, a des propri\u00e9t\u00e9s\u00a0 cicatrisante, anti inflammatoire et r\u00e9g\u00e9n\u00e9rante. Il est recommand\u00e9 pour, les peaux acn\u00e9iques, ainsi que contre les taches brunes d\u00fb au vieillissement de la peau.","og_url":"https:\/\/laurasis.com\/index.php\/produit\/savon-myel-curcuma\/","og_site_name":"LAURASIS","article_modified_time":"2025-12-29T13:12:09+00:00","og_image":[{"width":1280,"height":960,"url":"https:\/\/laurasis.com\/wp-content\/uploads\/2025\/10\/Savon-Myel-et-Curcuma.png","type":"image\/png"}],"twitter_card":"summary_large_image","schema":{"@context":"https:\/\/schema.org","@graph":[{"@type":"WebPage","@id":"https:\/\/laurasis.com\/index.php\/produit\/savon-myel-curcuma\/","url":"https:\/\/laurasis.com\/index.php\/produit\/savon-myel-curcuma\/","name":"Savon My\u00e8l & Curcuma - LAURASIS","isPartOf":{"@id":"https:\/\/laurasis.com\/#website"},"primaryImageOfPage":{"@id":"https:\/\/laurasis.com\/index.php\/produit\/savon-myel-curcuma\/#primaryimage"},"image":{"@id":"https:\/\/laurasis.com\/index.php\/produit\/savon-myel-curcuma\/#primaryimage"},"thumbnailUrl":"https:\/\/laurasis.com\/wp-content\/uploads\/2025\/10\/Savon-Myel-et-Curcuma.png","datePublished":"2024-08-22T18:38:15+00:00","dateModified":"2025-12-29T13:12:09+00:00","description":"Le savon au miel et au curcuma de Laurasis Beaut\u00e9 Cr\u00e9ole, a des propri\u00e9t\u00e9s\u00a0 cicatrisante, anti inflammatoire et r\u00e9g\u00e9n\u00e9rante. Il est recommand\u00e9 pour, les peaux acn\u00e9iques, ainsi que contre les taches brunes d\u00fb au vieillissement de la peau.","breadcrumb":{"@id":"https:\/\/laurasis.com\/index.php\/produit\/savon-myel-curcuma\/#breadcrumb"},"inLanguage":"fr-FR","potentialAction":[{"@type":"ReadAction","target":["https:\/\/laurasis.com\/index.php\/produit\/savon-myel-curcuma\/"]}]},{"@type":"ImageObject","inLanguage":"fr-FR","@id":"https:\/\/laurasis.com\/index.php\/produit\/savon-myel-curcuma\/#primaryimage","url":"https:\/\/laurasis.com\/wp-content\/uploads\/2025\/10\/Savon-Myel-et-Curcuma.png","contentUrl":"https:\/\/laurasis.com\/wp-content\/uploads\/2025\/10\/Savon-Myel-et-Curcuma.png","width":1280,"height":960},{"@type":"BreadcrumbList","@id":"https:\/\/laurasis.com\/index.php\/produit\/savon-myel-curcuma\/#breadcrumb","itemListElement":[{"@type":"ListItem","position":1,"name":"Accueil","item":"https:\/\/laurasis.com\/"},{"@type":"ListItem","position":2,"name":"Boutique","item":"https:\/\/laurasis.com\/index.php\/boutique\/"},{"@type":"ListItem","position":3,"name":"Savon My\u00e8l &#038; Curcuma"}]},{"@type":"WebSite","@id":"https:\/\/laurasis.com\/#website","url":"https:\/\/laurasis.com\/","name":"LAURASIS","description":"Laurais Beaut\u00e9 Cr\u00e9ole, une oasis de bien-\u00eatre.","publisher":{"@id":"https:\/\/laurasis.com\/#organization"},"potentialAction":[{"@type":"SearchAction","target":{"@type":"EntryPoint","urlTemplate":"https:\/\/laurasis.com\/?s={search_term_string}"},"query-input":{"@type":"PropertyValueSpecification","valueRequired":true,"valueName":"search_term_string"}}],"inLanguage":"fr-FR"},{"@type":"Organization","@id":"https:\/\/laurasis.com\/#organization","name":"Laurasis Beaut\u00e9 Cr\u00e9ole","url":"https:\/\/laurasis.com\/","logo":{"@type":"ImageObject","inLanguage":"fr-FR","@id":"https:\/\/laurasis.com\/#\/schema\/logo\/image\/","url":"https:\/\/laurasis.com\/wp-content\/uploads\/2024\/06\/Logo-LBC-transparent.png","contentUrl":"https:\/\/laurasis.com\/wp-content\/uploads\/2024\/06\/Logo-LBC-transparent.png","width":311,"height":169,"caption":"Laurasis Beaut\u00e9 Cr\u00e9ole"},"image":{"@id":"https:\/\/laurasis.com\/#\/schema\/logo\/image\/"},"sameAs":["https:\/\/www.instagram.com\/LAURASISBEAUTECREOLE\/"]}]}},"_links":{"self":[{"href":"https:\/\/laurasis.com\/index.php\/wp-json\/wp\/v2\/product\/1419","targetHints":{"allow":["GET"]}}],"collection":[{"href":"https:\/\/laurasis.com\/index.php\/wp-json\/wp\/v2\/product"}],"about":[{"href":"https:\/\/laurasis.com\/index.php\/wp-json\/wp\/v2\/types\/product"}],"replies":[{"embeddable":true,"href":"https:\/\/laurasis.com\/index.php\/wp-json\/wp\/v2\/comments?post=1419"}],"wp:featuredmedia":[{"embeddable":true,"href":"https:\/\/laurasis.com\/index.php\/wp-json\/wp\/v2\/media\/1627"}],"wp:attachment":[{"href":"https:\/\/laurasis.com\/index.php\/wp-json\/wp\/v2\/media?parent=1419"}],"wp:term":[{"taxonomy":"product_brand","embeddable":true,"href":"https:\/\/laurasis.com\/index.php\/wp-json\/wp\/v2\/product_brand?post=1419"},{"taxonomy":"product_cat","embeddable":true,"href":"https:\/\/laurasis.com\/index.php\/wp-json\/wp\/v2\/product_cat?post=1419"},{"taxonomy":"product_tag","embeddable":true,"href":"https:\/\/laurasis.com\/index.php\/wp-json\/wp\/v2\/product_tag?post=1419"}],"curies":[{"name":"wp","href":"https:\/\/api.w.org\/{rel}","templated":true}]}}

Savon Myèl &#038; Curcuma

<h2><strong>Détail du produit</strong></h2>
<p>Le savon Myèl et curcuma de Laurasis Beauté Créole <strong>(≈100g)</strong><br />
Prix : 6,60 € TTC (hors frais de livraison)</p>
<p>Le savon au miel et au curcuma de Laurasis Beauté Créole, a des propriétés  cicatrisante, anti inflammatoire et régénérante.<br />
Il est recommandé pour, les peaux acnéiques, ainsi que contre les taches brunes dû au vieillissement de la peau.</p>
<h5><em><strong>Savon 100% végétal, sans colorants ni conservateurs.</strong></em></h5>
<p>Produit fabriqué en Guadeloupe 🇬🇵</p>

<!-- This site is optimized with the Yoast SEO plugin v27.5 - https://yoast.com/product/yoast-seo-wordpress/ -->
<title>Savon Myèl &amp; Curcuma - LAURASIS</title>
<meta name="description" content="Le savon au miel et au curcuma de Laurasis Beauté Créole, a des propriétés  cicatrisante, anti inflammatoire et régénérante. Il est recommandé pour, les peaux acnéiques, ainsi que contre les taches brunes dû au vieillissement de la peau." />
<meta name="robots" content="index, follow, max-snippet:-1, max-image-preview:large, max-video-preview:-1" />
<link rel="canonical" href="https://laurasis.com/index.php/produit/savon-myel-curcuma/" />
<meta property="og:locale" content="fr_FR" />
<meta property="og:type" content="article" />
<meta property="og:title" content="Savon Myèl &amp; Curcuma - LAURASIS" />
<meta property="og:description" content="Le savon au miel et au curcuma de Laurasis Beauté Créole, a des propriétés  cicatrisante, anti inflammatoire et régénérante. Il est recommandé pour, les peaux acnéiques, ainsi que contre les taches brunes dû au vieillissement de la peau." />
<meta property="og:url" content="https://laurasis.com/index.php/produit/savon-myel-curcuma/" />
<meta property="og:site_name" content="LAURASIS" />
<meta property="article:modified_time" content="2025-12-29T13:12:09+00:00" />
<meta property="og:image" content="https://laurasis.com/wp-content/uploads/2025/10/Savon-Myel-et-Curcuma.png" />
	<meta property="og:image:width" content="1280" />
	<meta property="og:image:height" content="960" />
	<meta property="og:image:type" content="image/png" />
<meta name="twitter:card" content="summary_large_image" />
<script type="application/ld+json" class="yoast-schema-graph">{"@context":"https:\/\/schema.org","@graph":[{"@type":"WebPage","@id":"https:\/\/laurasis.com\/index.php\/produit\/savon-myel-curcuma\/","url":"https:\/\/laurasis.com\/index.php\/produit\/savon-myel-curcuma\/","name":"Savon Myèl & Curcuma - LAURASIS","isPartOf":{"@id":"https:\/\/laurasis.com\/#website"},"primaryImageOfPage":{"@id":"https:\/\/laurasis.com\/index.php\/produit\/savon-myel-curcuma\/#primaryimage"},"image":{"@id":"https:\/\/laurasis.com\/index.php\/produit\/savon-myel-curcuma\/#primaryimage"},"thumbnailUrl":"https:\/\/laurasis.com\/wp-content\/uploads\/2025\/10\/Savon-Myel-et-Curcuma.png","datePublished":"2024-08-22T18:38:15+00:00","dateModified":"2025-12-29T13:12:09+00:00","description":"Le savon au miel et au curcuma de Laurasis Beauté Créole, a des propriétés  cicatrisante, anti inflammatoire et régénérante. Il est recommandé pour, les peaux acnéiques, ainsi que contre les taches brunes dû au vieillissement de la peau.","breadcrumb":{"@id":"https:\/\/laurasis.com\/index.php\/produit\/savon-myel-curcuma\/#breadcrumb"},"inLanguage":"fr-FR","potentialAction":[{"@type":"ReadAction","target":["https:\/\/laurasis.com\/index.php\/produit\/savon-myel-curcuma\/"]}]},{"@type":"ImageObject","inLanguage":"fr-FR","@id":"https:\/\/laurasis.com\/index.php\/produit\/savon-myel-curcuma\/#primaryimage","url":"https:\/\/laurasis.com\/wp-content\/uploads\/2025\/10\/Savon-Myel-et-Curcuma.png","contentUrl":"https:\/\/laurasis.com\/wp-content\/uploads\/2025\/10\/Savon-Myel-et-Curcuma.png","width":1280,"height":960},{"@type":"BreadcrumbList","@id":"https:\/\/laurasis.com\/index.php\/produit\/savon-myel-curcuma\/#breadcrumb","itemListElement":[{"@type":"ListItem","position":1,"name":"Accueil","item":"https:\/\/laurasis.com\/"},{"@type":"ListItem","position":2,"name":"Boutique","item":"https:\/\/laurasis.com\/index.php\/boutique\/"},{"@type":"ListItem","position":3,"name":"Savon Myèl &#038; Curcuma"}]},{"@type":"WebSite","@id":"https:\/\/laurasis.com\/#website","url":"https:\/\/laurasis.com\/","name":"LAURASIS","description":"Laurais Beauté Créole, une oasis de bien-être.","publisher":{"@id":"https:\/\/laurasis.com\/#organization"},"potentialAction":[{"@type":"SearchAction","target":{"@type":"EntryPoint","urlTemplate":"https:\/\/laurasis.com\/?s={search_term_string}"},"query-input":{"@type":"PropertyValueSpecification","valueRequired":true,"valueName":"search_term_string"}}],"inLanguage":"fr-FR"},{"@type":"Organization","@id":"https:\/\/laurasis.com\/#organization","name":"Laurasis Beauté Créole","url":"https:\/\/laurasis.com\/","logo":{"@type":"ImageObject","inLanguage":"fr-FR","@id":"https:\/\/laurasis.com\/#\/schema\/logo\/image\/","url":"https:\/\/laurasis.com\/wp-content\/uploads\/2024\/06\/Logo-LBC-transparent.png","contentUrl":"https:\/\/laurasis.com\/wp-content\/uploads\/2024\/06\/Logo-LBC-transparent.png","width":311,"height":169,"caption":"Laurasis Beauté Créole"},"image":{"@id":"https:\/\/laurasis.com\/#\/schema\/logo\/image\/"},"sameAs":["https:\/\/www.instagram.com\/LAURASISBEAUTECREOLE\/"]}]}</script>
<!-- / Yoast SEO plugin. -->

Savon Myèl & Curcuma - LAURASIS

Le savon au miel et au curcuma de Laurasis Beauté Créole, a des propriétés  cicatrisante, anti inflammatoire et régénérante. Il est recommandé pour, les peaux acnéiques, ainsi que contre les taches brunes dû au vieillissement de la peau.

Laurais Beauté Créole, une oasis de bien-être.

Laurasis Beauté Créole
