{"id":256,"date":"2019-03-30T17:47:36","date_gmt":"2019-03-30T16:47:36","guid":{"rendered":"http:\/\/laurasis.com\/?post_type=product&#038;p=256"},"modified":"2025-04-30T13:21:34","modified_gmt":"2025-04-30T11:21:34","slug":"savon-gommant-a-lavocat","status":"publish","type":"product","link":"https:\/\/laurasis.com\/index.php\/produit\/savon-gommant-a-lavocat\/","title":{"rendered":"Savon Gommant \u00e0 l&rsquo;Avocat"},"content":{"rendered":"","protected":false},"excerpt":{"rendered":"<h2 class=\" _50f7\"><strong>D\u00e9tail du produit<\/strong><\/h2>\n<p>Le savon gommant \u00e0 l&rsquo;avocat de Laurasis Beaut\u00e9 Cr\u00e9ole <strong>(\u2248100g)<\/strong><br \/>\nPrix : 6,60 \u20ac TTC (hors frais de livraison)<\/p>\n<div>Le savon surgras \u00e0 l\u02bcavocat de Laurasis Beaut\u00e9 cr\u00e9ole, est compos\u00e9 d\u02bcacides gras contenus dans la pulpe<br \/>\nd&rsquo;avocat.<br \/>\nLes \u00e9clats de noyaux d\u02bcavocat pr\u00e9sents dans ce savon, vont permettre de gommer les imperfections et<br \/>\nles actifs gras de l&rsquo;avocat prot\u00e8geront de l&rsquo;effet peau s\u00e8che, apr\u00e8s le gommage.<br \/>\nIl permet une action nourrissante au niveau de la peau.<br \/>\nUtilisation :visage et corps.<\/div>\n<div><\/div>\n<h5><em><strong>Savon 100% v\u00e9g\u00e9tal, sans colorants, sans additifs, ni conservateurs.<\/strong><\/em><\/h5>\n<p>Produit fabriqu\u00e9 en Guadeloupe \ud83c\uddec\ud83c\uddf5<\/p>\n","protected":false},"featured_media":0,"comment_status":"open","ping_status":"closed","template":"","meta":[],"product_brand":[],"product_cat":[29,32],"product_tag":[],"class_list":{"0":"post-256","1":"product","2":"type-product","3":"status-publish","5":"product_cat-savons","6":"product_cat-les-savons-aux-plantes","8":"first","9":"onbackorder","10":"taxable","11":"shipping-taxable","12":"purchasable","13":"product-type-simple"},"yoast_head":"<!-- This site is optimized with the Yoast SEO plugin v27.5 - https:\/\/yoast.com\/product\/yoast-seo-wordpress\/ -->\n<title>Savon Gommant \u00e0 l&#039;Avocat - LAURASIS<\/title>\n<meta name=\"description\" content=\"Savon Laurasis Beaut\u00e9 Cr\u00e9ole. Les \u00e9clats pr\u00e9sents dans ce savon, vont permettre de gommer vos imperfections et les actifs gras de l&#039;avocat prot\u00e9geront de l&#039;effet peau s\u00e8che, apr\u00e8s le gommage. Un savon nourrissant \u00e0 100%.Savon pour visage et corps. Savon 100% v\u00e9g\u00e9tal, sans colorants ni conservateurs.\" \/>\n<meta name=\"robots\" content=\"index, follow, max-snippet:-1, max-image-preview:large, max-video-preview:-1\" \/>\n<link rel=\"canonical\" href=\"https:\/\/laurasis.com\/index.php\/produit\/savon-gommant-a-lavocat\/\" \/>\n<meta property=\"og:locale\" content=\"fr_FR\" \/>\n<meta property=\"og:type\" content=\"article\" \/>\n<meta property=\"og:title\" content=\"Savon Gommant \u00e0 l&#039;Avocat - LAURASIS\" \/>\n<meta property=\"og:description\" content=\"Savon Laurasis Beaut\u00e9 Cr\u00e9ole. Les \u00e9clats pr\u00e9sents dans ce savon, vont permettre de gommer vos imperfections et les actifs gras de l&#039;avocat prot\u00e9geront de l&#039;effet peau s\u00e8che, apr\u00e8s le gommage. Un savon nourrissant \u00e0 100%.Savon pour visage et corps. Savon 100% v\u00e9g\u00e9tal, sans colorants ni conservateurs.\" \/>\n<meta property=\"og:url\" content=\"https:\/\/laurasis.com\/index.php\/produit\/savon-gommant-a-lavocat\/\" \/>\n<meta property=\"og:site_name\" content=\"LAURASIS\" \/>\n<meta property=\"article:modified_time\" content=\"2025-04-30T11:21:34+00:00\" \/>\n<meta name=\"twitter:card\" content=\"summary_large_image\" \/>\n<script type=\"application\/ld+json\" class=\"yoast-schema-graph\">{\"@context\":\"https:\\\/\\\/schema.org\",\"@graph\":[{\"@type\":\"WebPage\",\"@id\":\"https:\\\/\\\/laurasis.com\\\/index.php\\\/produit\\\/savon-gommant-a-lavocat\\\/\",\"url\":\"https:\\\/\\\/laurasis.com\\\/index.php\\\/produit\\\/savon-gommant-a-lavocat\\\/\",\"name\":\"Savon Gommant \u00e0 l'Avocat - LAURASIS\",\"isPartOf\":{\"@id\":\"https:\\\/\\\/laurasis.com\\\/#website\"},\"datePublished\":\"2019-03-30T16:47:36+00:00\",\"dateModified\":\"2025-04-30T11:21:34+00:00\",\"description\":\"Savon Laurasis Beaut\u00e9 Cr\u00e9ole. Les \u00e9clats pr\u00e9sents dans ce savon, vont permettre de gommer vos imperfections et les actifs gras de l'avocat prot\u00e9geront de l'effet peau s\u00e8che, apr\u00e8s le gommage. Un savon nourrissant \u00e0 100%.Savon pour visage et corps. Savon 100% v\u00e9g\u00e9tal, sans colorants ni conservateurs.\",\"breadcrumb\":{\"@id\":\"https:\\\/\\\/laurasis.com\\\/index.php\\\/produit\\\/savon-gommant-a-lavocat\\\/#breadcrumb\"},\"inLanguage\":\"fr-FR\",\"potentialAction\":[{\"@type\":\"ReadAction\",\"target\":[\"https:\\\/\\\/laurasis.com\\\/index.php\\\/produit\\\/savon-gommant-a-lavocat\\\/\"]}]},{\"@type\":\"BreadcrumbList\",\"@id\":\"https:\\\/\\\/laurasis.com\\\/index.php\\\/produit\\\/savon-gommant-a-lavocat\\\/#breadcrumb\",\"itemListElement\":[{\"@type\":\"ListItem\",\"position\":1,\"name\":\"Accueil\",\"item\":\"https:\\\/\\\/laurasis.com\\\/\"},{\"@type\":\"ListItem\",\"position\":2,\"name\":\"Boutique\",\"item\":\"https:\\\/\\\/laurasis.com\\\/index.php\\\/boutique\\\/\"},{\"@type\":\"ListItem\",\"position\":3,\"name\":\"Savon Gommant \u00e0 l&rsquo;Avocat\"}]},{\"@type\":\"WebSite\",\"@id\":\"https:\\\/\\\/laurasis.com\\\/#website\",\"url\":\"https:\\\/\\\/laurasis.com\\\/\",\"name\":\"LAURASIS\",\"description\":\"Laurais Beaut\u00e9 Cr\u00e9ole, une oasis de bien-\u00eatre.\",\"publisher\":{\"@id\":\"https:\\\/\\\/laurasis.com\\\/#organization\"},\"potentialAction\":[{\"@type\":\"SearchAction\",\"target\":{\"@type\":\"EntryPoint\",\"urlTemplate\":\"https:\\\/\\\/laurasis.com\\\/?s={search_term_string}\"},\"query-input\":{\"@type\":\"PropertyValueSpecification\",\"valueRequired\":true,\"valueName\":\"search_term_string\"}}],\"inLanguage\":\"fr-FR\"},{\"@type\":\"Organization\",\"@id\":\"https:\\\/\\\/laurasis.com\\\/#organization\",\"name\":\"Laurasis Beaut\u00e9 Cr\u00e9ole\",\"url\":\"https:\\\/\\\/laurasis.com\\\/\",\"logo\":{\"@type\":\"ImageObject\",\"inLanguage\":\"fr-FR\",\"@id\":\"https:\\\/\\\/laurasis.com\\\/#\\\/schema\\\/logo\\\/image\\\/\",\"url\":\"https:\\\/\\\/laurasis.com\\\/wp-content\\\/uploads\\\/2024\\\/06\\\/Logo-LBC-transparent.png\",\"contentUrl\":\"https:\\\/\\\/laurasis.com\\\/wp-content\\\/uploads\\\/2024\\\/06\\\/Logo-LBC-transparent.png\",\"width\":311,\"height\":169,\"caption\":\"Laurasis Beaut\u00e9 Cr\u00e9ole\"},\"image\":{\"@id\":\"https:\\\/\\\/laurasis.com\\\/#\\\/schema\\\/logo\\\/image\\\/\"},\"sameAs\":[\"https:\\\/\\\/www.instagram.com\\\/LAURASISBEAUTECREOLE\\\/\"]}]}<\/script>\n<!-- \/ Yoast SEO plugin. -->","yoast_head_json":{"title":"Savon Gommant \u00e0 l'Avocat - LAURASIS","description":"Savon Laurasis Beaut\u00e9 Cr\u00e9ole. Les \u00e9clats pr\u00e9sents dans ce savon, vont permettre de gommer vos imperfections et les actifs gras de l'avocat prot\u00e9geront de l'effet peau s\u00e8che, apr\u00e8s le gommage. Un savon nourrissant \u00e0 100%.Savon pour visage et corps. Savon 100% v\u00e9g\u00e9tal, sans colorants ni conservateurs.","robots":{"index":"index","follow":"follow","max-snippet":"max-snippet:-1","max-image-preview":"max-image-preview:large","max-video-preview":"max-video-preview:-1"},"canonical":"https:\/\/laurasis.com\/index.php\/produit\/savon-gommant-a-lavocat\/","og_locale":"fr_FR","og_type":"article","og_title":"Savon Gommant \u00e0 l'Avocat - LAURASIS","og_description":"Savon Laurasis Beaut\u00e9 Cr\u00e9ole. Les \u00e9clats pr\u00e9sents dans ce savon, vont permettre de gommer vos imperfections et les actifs gras de l'avocat prot\u00e9geront de l'effet peau s\u00e8che, apr\u00e8s le gommage. Un savon nourrissant \u00e0 100%.Savon pour visage et corps. Savon 100% v\u00e9g\u00e9tal, sans colorants ni conservateurs.","og_url":"https:\/\/laurasis.com\/index.php\/produit\/savon-gommant-a-lavocat\/","og_site_name":"LAURASIS","article_modified_time":"2025-04-30T11:21:34+00:00","twitter_card":"summary_large_image","schema":{"@context":"https:\/\/schema.org","@graph":[{"@type":"WebPage","@id":"https:\/\/laurasis.com\/index.php\/produit\/savon-gommant-a-lavocat\/","url":"https:\/\/laurasis.com\/index.php\/produit\/savon-gommant-a-lavocat\/","name":"Savon Gommant \u00e0 l'Avocat - LAURASIS","isPartOf":{"@id":"https:\/\/laurasis.com\/#website"},"datePublished":"2019-03-30T16:47:36+00:00","dateModified":"2025-04-30T11:21:34+00:00","description":"Savon Laurasis Beaut\u00e9 Cr\u00e9ole. Les \u00e9clats pr\u00e9sents dans ce savon, vont permettre de gommer vos imperfections et les actifs gras de l'avocat prot\u00e9geront de l'effet peau s\u00e8che, apr\u00e8s le gommage. Un savon nourrissant \u00e0 100%.Savon pour visage et corps. Savon 100% v\u00e9g\u00e9tal, sans colorants ni conservateurs.","breadcrumb":{"@id":"https:\/\/laurasis.com\/index.php\/produit\/savon-gommant-a-lavocat\/#breadcrumb"},"inLanguage":"fr-FR","potentialAction":[{"@type":"ReadAction","target":["https:\/\/laurasis.com\/index.php\/produit\/savon-gommant-a-lavocat\/"]}]},{"@type":"BreadcrumbList","@id":"https:\/\/laurasis.com\/index.php\/produit\/savon-gommant-a-lavocat\/#breadcrumb","itemListElement":[{"@type":"ListItem","position":1,"name":"Accueil","item":"https:\/\/laurasis.com\/"},{"@type":"ListItem","position":2,"name":"Boutique","item":"https:\/\/laurasis.com\/index.php\/boutique\/"},{"@type":"ListItem","position":3,"name":"Savon Gommant \u00e0 l&rsquo;Avocat"}]},{"@type":"WebSite","@id":"https:\/\/laurasis.com\/#website","url":"https:\/\/laurasis.com\/","name":"LAURASIS","description":"Laurais Beaut\u00e9 Cr\u00e9ole, une oasis de bien-\u00eatre.","publisher":{"@id":"https:\/\/laurasis.com\/#organization"},"potentialAction":[{"@type":"SearchAction","target":{"@type":"EntryPoint","urlTemplate":"https:\/\/laurasis.com\/?s={search_term_string}"},"query-input":{"@type":"PropertyValueSpecification","valueRequired":true,"valueName":"search_term_string"}}],"inLanguage":"fr-FR"},{"@type":"Organization","@id":"https:\/\/laurasis.com\/#organization","name":"Laurasis Beaut\u00e9 Cr\u00e9ole","url":"https:\/\/laurasis.com\/","logo":{"@type":"ImageObject","inLanguage":"fr-FR","@id":"https:\/\/laurasis.com\/#\/schema\/logo\/image\/","url":"https:\/\/laurasis.com\/wp-content\/uploads\/2024\/06\/Logo-LBC-transparent.png","contentUrl":"https:\/\/laurasis.com\/wp-content\/uploads\/2024\/06\/Logo-LBC-transparent.png","width":311,"height":169,"caption":"Laurasis Beaut\u00e9 Cr\u00e9ole"},"image":{"@id":"https:\/\/laurasis.com\/#\/schema\/logo\/image\/"},"sameAs":["https:\/\/www.instagram.com\/LAURASISBEAUTECREOLE\/"]}]}},"_links":{"self":[{"href":"https:\/\/laurasis.com\/index.php\/wp-json\/wp\/v2\/product\/256","targetHints":{"allow":["GET"]}}],"collection":[{"href":"https:\/\/laurasis.com\/index.php\/wp-json\/wp\/v2\/product"}],"about":[{"href":"https:\/\/laurasis.com\/index.php\/wp-json\/wp\/v2\/types\/product"}],"replies":[{"embeddable":true,"href":"https:\/\/laurasis.com\/index.php\/wp-json\/wp\/v2\/comments?post=256"}],"wp:attachment":[{"href":"https:\/\/laurasis.com\/index.php\/wp-json\/wp\/v2\/media?parent=256"}],"wp:term":[{"taxonomy":"product_brand","embeddable":true,"href":"https:\/\/laurasis.com\/index.php\/wp-json\/wp\/v2\/product_brand?post=256"},{"taxonomy":"product_cat","embeddable":true,"href":"https:\/\/laurasis.com\/index.php\/wp-json\/wp\/v2\/product_cat?post=256"},{"taxonomy":"product_tag","embeddable":true,"href":"https:\/\/laurasis.com\/index.php\/wp-json\/wp\/v2\/product_tag?post=256"}],"curies":[{"name":"wp","href":"https:\/\/api.w.org\/{rel}","templated":true}]}}