{"id":332,"date":"2019-08-10T02:56:29","date_gmt":"2019-08-10T00:56:29","guid":{"rendered":"http:\/\/laurasis.com\/?post_type=product&#038;p=332"},"modified":"2025-04-30T13:10:23","modified_gmt":"2025-04-30T11:10:23","slug":"le-savon-aloes-vera","status":"publish","type":"product","link":"https:\/\/laurasis.com\/index.php\/produit\/le-savon-aloes-vera\/","title":{"rendered":"Savon Alo\u00e8s V\u00e9ra"},"content":{"rendered":"","protected":false},"excerpt":{"rendered":"<h2><strong>D\u00e9tail du produit<\/strong><\/h2>\n<p>Le savon alo\u00e8s v\u00e9ra de Laurasis Beaut\u00e9 Cr\u00e9ole <strong>(\u2248100g)<\/strong><br \/>\nPrix : 6,60 \u20ac TTC (hors frais de livraison)<\/p>\n<p>Le savon artisanal surgras \u00e0 l&rsquo;alo\u00e8s v\u00e9ra de Laurasis Beaut\u00e9 Cr\u00e9ole, est un savon dont les propri\u00e9t\u00e9s<br \/>\nsont hydratantes, apaisantes et cicatrisantes.<br \/>\nUtilisation : visage et corps.<\/p>\n<h5><em><strong>Savon 100% v\u00e9g\u00e9tal, sans colorants, sans additifs, ni conservateurs.<\/strong><\/em><\/h5>\n<p>Produit fabriqu\u00e9 en Guadeloupe \ud83c\uddec\ud83c\uddf5<\/p>\n","protected":false},"featured_media":0,"comment_status":"open","ping_status":"closed","template":"","meta":[],"product_brand":[],"product_cat":[29,32],"product_tag":[],"class_list":{"0":"post-332","1":"product","2":"type-product","3":"status-publish","5":"product_cat-savons","6":"product_cat-les-savons-aux-plantes","8":"first","9":"onbackorder","10":"taxable","11":"shipping-taxable","12":"purchasable","13":"product-type-simple"},"yoast_head":"<!-- This site is optimized with the Yoast SEO plugin v27.5 - https:\/\/yoast.com\/product\/yoast-seo-wordpress\/ -->\n<title>Savon Alo\u00e8s V\u00e9ra - LAURASIS<\/title>\n<meta name=\"description\" content=\"Savon Laurasis Beaut\u00e9 Cr\u00e9ole. Le savon \u00e0 l&#039;alo\u00e8s v\u00e9ra Laurasis Beaut\u00e9 Cr\u00e9ole, est un savon dont les propri\u00e9t\u00e9s sont hydratantes et apaisantes. Savon pour visage et corps. Savon 100% v\u00e9g\u00e9tal, sans colorants ni conservateurs.\" \/>\n<meta name=\"robots\" content=\"index, follow, max-snippet:-1, max-image-preview:large, max-video-preview:-1\" \/>\n<link rel=\"canonical\" href=\"https:\/\/laurasis.com\/index.php\/produit\/le-savon-aloes-vera\/\" \/>\n<meta property=\"og:locale\" content=\"fr_FR\" \/>\n<meta property=\"og:type\" content=\"article\" \/>\n<meta property=\"og:title\" content=\"Savon Alo\u00e8s V\u00e9ra - LAURASIS\" \/>\n<meta property=\"og:description\" content=\"Savon Laurasis Beaut\u00e9 Cr\u00e9ole. Le savon \u00e0 l&#039;alo\u00e8s v\u00e9ra Laurasis Beaut\u00e9 Cr\u00e9ole, est un savon dont les propri\u00e9t\u00e9s sont hydratantes et apaisantes. Savon pour visage et corps. Savon 100% v\u00e9g\u00e9tal, sans colorants ni conservateurs.\" \/>\n<meta property=\"og:url\" content=\"https:\/\/laurasis.com\/index.php\/produit\/le-savon-aloes-vera\/\" \/>\n<meta property=\"og:site_name\" content=\"LAURASIS\" \/>\n<meta property=\"article:modified_time\" content=\"2025-04-30T11:10:23+00:00\" \/>\n<meta name=\"twitter:card\" content=\"summary_large_image\" \/>\n<script type=\"application\/ld+json\" class=\"yoast-schema-graph\">{\"@context\":\"https:\\\/\\\/schema.org\",\"@graph\":[{\"@type\":\"WebPage\",\"@id\":\"https:\\\/\\\/laurasis.com\\\/index.php\\\/produit\\\/le-savon-aloes-vera\\\/\",\"url\":\"https:\\\/\\\/laurasis.com\\\/index.php\\\/produit\\\/le-savon-aloes-vera\\\/\",\"name\":\"Savon Alo\u00e8s V\u00e9ra - LAURASIS\",\"isPartOf\":{\"@id\":\"https:\\\/\\\/laurasis.com\\\/#website\"},\"datePublished\":\"2019-08-10T00:56:29+00:00\",\"dateModified\":\"2025-04-30T11:10:23+00:00\",\"description\":\"Savon Laurasis Beaut\u00e9 Cr\u00e9ole. Le savon \u00e0 l'alo\u00e8s v\u00e9ra Laurasis Beaut\u00e9 Cr\u00e9ole, est un savon dont les propri\u00e9t\u00e9s sont hydratantes et apaisantes. Savon pour visage et corps. Savon 100% v\u00e9g\u00e9tal, sans colorants ni conservateurs.\",\"breadcrumb\":{\"@id\":\"https:\\\/\\\/laurasis.com\\\/index.php\\\/produit\\\/le-savon-aloes-vera\\\/#breadcrumb\"},\"inLanguage\":\"fr-FR\",\"potentialAction\":[{\"@type\":\"ReadAction\",\"target\":[\"https:\\\/\\\/laurasis.com\\\/index.php\\\/produit\\\/le-savon-aloes-vera\\\/\"]}]},{\"@type\":\"BreadcrumbList\",\"@id\":\"https:\\\/\\\/laurasis.com\\\/index.php\\\/produit\\\/le-savon-aloes-vera\\\/#breadcrumb\",\"itemListElement\":[{\"@type\":\"ListItem\",\"position\":1,\"name\":\"Accueil\",\"item\":\"https:\\\/\\\/laurasis.com\\\/\"},{\"@type\":\"ListItem\",\"position\":2,\"name\":\"Boutique\",\"item\":\"https:\\\/\\\/laurasis.com\\\/index.php\\\/boutique\\\/\"},{\"@type\":\"ListItem\",\"position\":3,\"name\":\"Savon Alo\u00e8s V\u00e9ra\"}]},{\"@type\":\"WebSite\",\"@id\":\"https:\\\/\\\/laurasis.com\\\/#website\",\"url\":\"https:\\\/\\\/laurasis.com\\\/\",\"name\":\"LAURASIS\",\"description\":\"Laurais Beaut\u00e9 Cr\u00e9ole, une oasis de bien-\u00eatre.\",\"publisher\":{\"@id\":\"https:\\\/\\\/laurasis.com\\\/#organization\"},\"potentialAction\":[{\"@type\":\"SearchAction\",\"target\":{\"@type\":\"EntryPoint\",\"urlTemplate\":\"https:\\\/\\\/laurasis.com\\\/?s={search_term_string}\"},\"query-input\":{\"@type\":\"PropertyValueSpecification\",\"valueRequired\":true,\"valueName\":\"search_term_string\"}}],\"inLanguage\":\"fr-FR\"},{\"@type\":\"Organization\",\"@id\":\"https:\\\/\\\/laurasis.com\\\/#organization\",\"name\":\"Laurasis Beaut\u00e9 Cr\u00e9ole\",\"url\":\"https:\\\/\\\/laurasis.com\\\/\",\"logo\":{\"@type\":\"ImageObject\",\"inLanguage\":\"fr-FR\",\"@id\":\"https:\\\/\\\/laurasis.com\\\/#\\\/schema\\\/logo\\\/image\\\/\",\"url\":\"https:\\\/\\\/laurasis.com\\\/wp-content\\\/uploads\\\/2024\\\/06\\\/Logo-LBC-transparent.png\",\"contentUrl\":\"https:\\\/\\\/laurasis.com\\\/wp-content\\\/uploads\\\/2024\\\/06\\\/Logo-LBC-transparent.png\",\"width\":311,\"height\":169,\"caption\":\"Laurasis Beaut\u00e9 Cr\u00e9ole\"},\"image\":{\"@id\":\"https:\\\/\\\/laurasis.com\\\/#\\\/schema\\\/logo\\\/image\\\/\"},\"sameAs\":[\"https:\\\/\\\/www.instagram.com\\\/LAURASISBEAUTECREOLE\\\/\"]}]}<\/script>\n<!-- \/ Yoast SEO plugin. -->","yoast_head_json":{"title":"Savon Alo\u00e8s V\u00e9ra - LAURASIS","description":"Savon Laurasis Beaut\u00e9 Cr\u00e9ole. Le savon \u00e0 l'alo\u00e8s v\u00e9ra Laurasis Beaut\u00e9 Cr\u00e9ole, est un savon dont les propri\u00e9t\u00e9s sont hydratantes et apaisantes. Savon pour visage et corps. Savon 100% v\u00e9g\u00e9tal, sans colorants ni conservateurs.","robots":{"index":"index","follow":"follow","max-snippet":"max-snippet:-1","max-image-preview":"max-image-preview:large","max-video-preview":"max-video-preview:-1"},"canonical":"https:\/\/laurasis.com\/index.php\/produit\/le-savon-aloes-vera\/","og_locale":"fr_FR","og_type":"article","og_title":"Savon Alo\u00e8s V\u00e9ra - LAURASIS","og_description":"Savon Laurasis Beaut\u00e9 Cr\u00e9ole. Le savon \u00e0 l'alo\u00e8s v\u00e9ra Laurasis Beaut\u00e9 Cr\u00e9ole, est un savon dont les propri\u00e9t\u00e9s sont hydratantes et apaisantes. Savon pour visage et corps. Savon 100% v\u00e9g\u00e9tal, sans colorants ni conservateurs.","og_url":"https:\/\/laurasis.com\/index.php\/produit\/le-savon-aloes-vera\/","og_site_name":"LAURASIS","article_modified_time":"2025-04-30T11:10:23+00:00","twitter_card":"summary_large_image","schema":{"@context":"https:\/\/schema.org","@graph":[{"@type":"WebPage","@id":"https:\/\/laurasis.com\/index.php\/produit\/le-savon-aloes-vera\/","url":"https:\/\/laurasis.com\/index.php\/produit\/le-savon-aloes-vera\/","name":"Savon Alo\u00e8s V\u00e9ra - LAURASIS","isPartOf":{"@id":"https:\/\/laurasis.com\/#website"},"datePublished":"2019-08-10T00:56:29+00:00","dateModified":"2025-04-30T11:10:23+00:00","description":"Savon Laurasis Beaut\u00e9 Cr\u00e9ole. Le savon \u00e0 l'alo\u00e8s v\u00e9ra Laurasis Beaut\u00e9 Cr\u00e9ole, est un savon dont les propri\u00e9t\u00e9s sont hydratantes et apaisantes. Savon pour visage et corps. Savon 100% v\u00e9g\u00e9tal, sans colorants ni conservateurs.","breadcrumb":{"@id":"https:\/\/laurasis.com\/index.php\/produit\/le-savon-aloes-vera\/#breadcrumb"},"inLanguage":"fr-FR","potentialAction":[{"@type":"ReadAction","target":["https:\/\/laurasis.com\/index.php\/produit\/le-savon-aloes-vera\/"]}]},{"@type":"BreadcrumbList","@id":"https:\/\/laurasis.com\/index.php\/produit\/le-savon-aloes-vera\/#breadcrumb","itemListElement":[{"@type":"ListItem","position":1,"name":"Accueil","item":"https:\/\/laurasis.com\/"},{"@type":"ListItem","position":2,"name":"Boutique","item":"https:\/\/laurasis.com\/index.php\/boutique\/"},{"@type":"ListItem","position":3,"name":"Savon Alo\u00e8s V\u00e9ra"}]},{"@type":"WebSite","@id":"https:\/\/laurasis.com\/#website","url":"https:\/\/laurasis.com\/","name":"LAURASIS","description":"Laurais Beaut\u00e9 Cr\u00e9ole, une oasis de bien-\u00eatre.","publisher":{"@id":"https:\/\/laurasis.com\/#organization"},"potentialAction":[{"@type":"SearchAction","target":{"@type":"EntryPoint","urlTemplate":"https:\/\/laurasis.com\/?s={search_term_string}"},"query-input":{"@type":"PropertyValueSpecification","valueRequired":true,"valueName":"search_term_string"}}],"inLanguage":"fr-FR"},{"@type":"Organization","@id":"https:\/\/laurasis.com\/#organization","name":"Laurasis Beaut\u00e9 Cr\u00e9ole","url":"https:\/\/laurasis.com\/","logo":{"@type":"ImageObject","inLanguage":"fr-FR","@id":"https:\/\/laurasis.com\/#\/schema\/logo\/image\/","url":"https:\/\/laurasis.com\/wp-content\/uploads\/2024\/06\/Logo-LBC-transparent.png","contentUrl":"https:\/\/laurasis.com\/wp-content\/uploads\/2024\/06\/Logo-LBC-transparent.png","width":311,"height":169,"caption":"Laurasis Beaut\u00e9 Cr\u00e9ole"},"image":{"@id":"https:\/\/laurasis.com\/#\/schema\/logo\/image\/"},"sameAs":["https:\/\/www.instagram.com\/LAURASISBEAUTECREOLE\/"]}]}},"_links":{"self":[{"href":"https:\/\/laurasis.com\/index.php\/wp-json\/wp\/v2\/product\/332","targetHints":{"allow":["GET"]}}],"collection":[{"href":"https:\/\/laurasis.com\/index.php\/wp-json\/wp\/v2\/product"}],"about":[{"href":"https:\/\/laurasis.com\/index.php\/wp-json\/wp\/v2\/types\/product"}],"replies":[{"embeddable":true,"href":"https:\/\/laurasis.com\/index.php\/wp-json\/wp\/v2\/comments?post=332"}],"wp:attachment":[{"href":"https:\/\/laurasis.com\/index.php\/wp-json\/wp\/v2\/media?parent=332"}],"wp:term":[{"taxonomy":"product_brand","embeddable":true,"href":"https:\/\/laurasis.com\/index.php\/wp-json\/wp\/v2\/product_brand?post=332"},{"taxonomy":"product_cat","embeddable":true,"href":"https:\/\/laurasis.com\/index.php\/wp-json\/wp\/v2\/product_cat?post=332"},{"taxonomy":"product_tag","embeddable":true,"href":"https:\/\/laurasis.com\/index.php\/wp-json\/wp\/v2\/product_tag?post=332"}],"curies":[{"name":"wp","href":"https:\/\/api.w.org\/{rel}","templated":true}]}}

Savon Aloès Véra

<h2><strong>Détail du produit</strong></h2>
<p>Le savon aloès véra de Laurasis Beauté Créole <strong>(≈100g)</strong><br />
Prix : 6,60 € TTC (hors frais de livraison)</p>
<p>Le savon artisanal surgras à l&rsquo;aloès véra de Laurasis Beauté Créole, est un savon dont les propriétés<br />
sont hydratantes, apaisantes et cicatrisantes.<br />
Utilisation : visage et corps.</p>
<h5><em><strong>Savon 100% végétal, sans colorants, sans additifs, ni conservateurs.</strong></em></h5>
<p>Produit fabriqué en Guadeloupe 🇬🇵</p>

<!-- This site is optimized with the Yoast SEO plugin v27.5 - https://yoast.com/product/yoast-seo-wordpress/ -->
<title>Savon Aloès Véra - LAURASIS</title>
<meta name="description" content="Savon Laurasis Beauté Créole. Le savon à l&#039;aloès véra Laurasis Beauté Créole, est un savon dont les propriétés sont hydratantes et apaisantes. Savon pour visage et corps. Savon 100% végétal, sans colorants ni conservateurs." />
<meta name="robots" content="index, follow, max-snippet:-1, max-image-preview:large, max-video-preview:-1" />
<link rel="canonical" href="https://laurasis.com/index.php/produit/le-savon-aloes-vera/" />
<meta property="og:locale" content="fr_FR" />
<meta property="og:type" content="article" />
<meta property="og:title" content="Savon Aloès Véra - LAURASIS" />
<meta property="og:description" content="Savon Laurasis Beauté Créole. Le savon à l&#039;aloès véra Laurasis Beauté Créole, est un savon dont les propriétés sont hydratantes et apaisantes. Savon pour visage et corps. Savon 100% végétal, sans colorants ni conservateurs." />
<meta property="og:url" content="https://laurasis.com/index.php/produit/le-savon-aloes-vera/" />
<meta property="og:site_name" content="LAURASIS" />
<meta property="article:modified_time" content="2025-04-30T11:10:23+00:00" />
<meta name="twitter:card" content="summary_large_image" />
<script type="application/ld+json" class="yoast-schema-graph">{"@context":"https:\/\/schema.org","@graph":[{"@type":"WebPage","@id":"https:\/\/laurasis.com\/index.php\/produit\/le-savon-aloes-vera\/","url":"https:\/\/laurasis.com\/index.php\/produit\/le-savon-aloes-vera\/","name":"Savon Aloès Véra - LAURASIS","isPartOf":{"@id":"https:\/\/laurasis.com\/#website"},"datePublished":"2019-08-10T00:56:29+00:00","dateModified":"2025-04-30T11:10:23+00:00","description":"Savon Laurasis Beauté Créole. Le savon à l'aloès véra Laurasis Beauté Créole, est un savon dont les propriétés sont hydratantes et apaisantes. Savon pour visage et corps. Savon 100% végétal, sans colorants ni conservateurs.","breadcrumb":{"@id":"https:\/\/laurasis.com\/index.php\/produit\/le-savon-aloes-vera\/#breadcrumb"},"inLanguage":"fr-FR","potentialAction":[{"@type":"ReadAction","target":["https:\/\/laurasis.com\/index.php\/produit\/le-savon-aloes-vera\/"]}]},{"@type":"BreadcrumbList","@id":"https:\/\/laurasis.com\/index.php\/produit\/le-savon-aloes-vera\/#breadcrumb","itemListElement":[{"@type":"ListItem","position":1,"name":"Accueil","item":"https:\/\/laurasis.com\/"},{"@type":"ListItem","position":2,"name":"Boutique","item":"https:\/\/laurasis.com\/index.php\/boutique\/"},{"@type":"ListItem","position":3,"name":"Savon Aloès Véra"}]},{"@type":"WebSite","@id":"https:\/\/laurasis.com\/#website","url":"https:\/\/laurasis.com\/","name":"LAURASIS","description":"Laurais Beauté Créole, une oasis de bien-être.","publisher":{"@id":"https:\/\/laurasis.com\/#organization"},"potentialAction":[{"@type":"SearchAction","target":{"@type":"EntryPoint","urlTemplate":"https:\/\/laurasis.com\/?s={search_term_string}"},"query-input":{"@type":"PropertyValueSpecification","valueRequired":true,"valueName":"search_term_string"}}],"inLanguage":"fr-FR"},{"@type":"Organization","@id":"https:\/\/laurasis.com\/#organization","name":"Laurasis Beauté Créole","url":"https:\/\/laurasis.com\/","logo":{"@type":"ImageObject","inLanguage":"fr-FR","@id":"https:\/\/laurasis.com\/#\/schema\/logo\/image\/","url":"https:\/\/laurasis.com\/wp-content\/uploads\/2024\/06\/Logo-LBC-transparent.png","contentUrl":"https:\/\/laurasis.com\/wp-content\/uploads\/2024\/06\/Logo-LBC-transparent.png","width":311,"height":169,"caption":"Laurasis Beauté Créole"},"image":{"@id":"https:\/\/laurasis.com\/#\/schema\/logo\/image\/"},"sameAs":["https:\/\/www.instagram.com\/LAURASISBEAUTECREOLE\/"]}]}</script>
<!-- / Yoast SEO plugin. -->

Savon Aloès Véra - LAURASIS

Savon Laurasis Beauté Créole. Le savon à l'aloès véra Laurasis Beauté Créole, est un savon dont les propriétés sont hydratantes et apaisantes. Savon pour visage et corps. Savon 100% végétal, sans colorants ni conservateurs.

Laurais Beauté Créole, une oasis de bien-être.

Laurasis Beauté Créole
