{"id":353,"date":"2019-08-11T05:10:55","date_gmt":"2019-08-11T03:10:55","guid":{"rendered":"http:\/\/laurasis.com\/?post_type=product&#038;p=353"},"modified":"2025-04-30T13:36:41","modified_gmt":"2025-04-30T11:36:41","slug":"huile-solaire-au-roucou-flacon-250-ml","status":"publish","type":"product","link":"https:\/\/laurasis.com\/index.php\/produit\/huile-solaire-au-roucou-flacon-250-ml\/","title":{"rendered":"Huile Solaire au Roucou (flacon simple 250 ml)"},"content":{"rendered":"","protected":false},"excerpt":{"rendered":"<h2><strong>D\u00e9tail du produit <\/strong><\/h2>\n<p>L&rsquo;huile solaire au Roucou (flacon simple de 250 ml) de Laurasis Beaut\u00e9 Cr\u00e9ole<br \/>\nPrix : 26,40 \u20ac TTC (hors frais de livraison)<\/p>\n<p>L\u02bchuile solaire au roucou de Laurasis beaut\u00e9 cr\u00e9ole est un mac\u00e9rat d\u02bchuile de coco et de graines de rocou.<br \/>\nCette huile solaire prot\u00e8ge les peaux mates des rayons uv. Elle aide \u00e0 avoir un bronzage rapide et<br \/>\nuniforme. La protection solaire est comprise entre IP 4 et 6.<br \/>\nCette huile est \u00e9galement un r\u00e9pulsif naturel contre les moustiques, les mouches et les moucherons.<br \/>\nUtilisation : Visage et corps.<\/p>\n<p><em><span style=\"color: #ff0000;\"><strong>\u26a0 Cette huile n&rsquo;est pas un \u00e9cran total.<\/strong><\/span><\/em><\/p>\n<h5><em><strong>Huile 100% v\u00e9g\u00e9tale, sans conservateurs, sans additifs. Colorant naturel au roucou.<\/strong><\/em><\/h5>\n<p>Produit fabriqu\u00e9 en Guadeloupe. \ud83c\uddec\ud83c\uddf5<\/p>\n","protected":false},"featured_media":1413,"comment_status":"open","ping_status":"closed","template":"","meta":[],"product_brand":[],"product_cat":[33,34],"product_tag":[],"class_list":{"0":"post-353","1":"product","2":"type-product","3":"status-publish","4":"has-post-thumbnail","6":"product_cat-les-huiles","7":"product_cat-les-huiles-solaires-au-roucou","9":"first","10":"outofstock","11":"taxable","12":"shipping-taxable","13":"purchasable","14":"product-type-simple"},"yoast_head":"<!-- This site is optimized with the Yoast SEO plugin v27.5 - https:\/\/yoast.com\/product\/yoast-seo-wordpress\/ -->\n<title>Huile Solaire au Roucou (flacon simple 250 ml) - LAURASIS<\/title>\n<meta name=\"description\" content=\"Huile de soins Laurasis Beaut\u00e9 Cr\u00e9ole. L&#039;huile solaire au roucou est un produit 2 en 1.1. produit solaire pour vous permettre d&#039;avoir un bronzage uniforme IP4-6 pour les peaux mates qui bronzent bien. Ce n&#039;est pas un \u00e9cran total.2. r\u00e9pulsif naturel contre les moustiques et les moucherons.\" \/>\n<meta name=\"robots\" content=\"index, follow, max-snippet:-1, max-image-preview:large, max-video-preview:-1\" \/>\n<link rel=\"canonical\" href=\"https:\/\/laurasis.com\/index.php\/produit\/huile-solaire-au-roucou-flacon-250-ml\/\" \/>\n<meta property=\"og:locale\" content=\"fr_FR\" \/>\n<meta property=\"og:type\" content=\"article\" \/>\n<meta property=\"og:title\" content=\"Huile Solaire au Roucou (flacon simple 250 ml) - LAURASIS\" \/>\n<meta property=\"og:description\" content=\"Huile de soins Laurasis Beaut\u00e9 Cr\u00e9ole. L&#039;huile solaire au roucou est un produit 2 en 1.1. produit solaire pour vous permettre d&#039;avoir un bronzage uniforme IP4-6 pour les peaux mates qui bronzent bien. Ce n&#039;est pas un \u00e9cran total.2. r\u00e9pulsif naturel contre les moustiques et les moucherons.\" \/>\n<meta property=\"og:url\" content=\"https:\/\/laurasis.com\/index.php\/produit\/huile-solaire-au-roucou-flacon-250-ml\/\" \/>\n<meta property=\"og:site_name\" content=\"LAURASIS\" \/>\n<meta property=\"article:modified_time\" content=\"2025-04-30T11:36:41+00:00\" \/>\n<meta property=\"og:image\" content=\"https:\/\/laurasis.com\/wp-content\/uploads\/2024\/07\/LBC_Huile-Solaire-au-Roucou2-1.jpg\" \/>\n\t<meta property=\"og:image:width\" content=\"785\" \/>\n\t<meta property=\"og:image:height\" content=\"1025\" \/>\n\t<meta property=\"og:image:type\" content=\"image\/jpeg\" \/>\n<meta name=\"twitter:card\" content=\"summary_large_image\" \/>\n<script type=\"application\/ld+json\" class=\"yoast-schema-graph\">{\"@context\":\"https:\\\/\\\/schema.org\",\"@graph\":[{\"@type\":\"WebPage\",\"@id\":\"https:\\\/\\\/laurasis.com\\\/index.php\\\/produit\\\/huile-solaire-au-roucou-flacon-250-ml\\\/\",\"url\":\"https:\\\/\\\/laurasis.com\\\/index.php\\\/produit\\\/huile-solaire-au-roucou-flacon-250-ml\\\/\",\"name\":\"Huile Solaire au Roucou (flacon simple 250 ml) - LAURASIS\",\"isPartOf\":{\"@id\":\"https:\\\/\\\/laurasis.com\\\/#website\"},\"primaryImageOfPage\":{\"@id\":\"https:\\\/\\\/laurasis.com\\\/index.php\\\/produit\\\/huile-solaire-au-roucou-flacon-250-ml\\\/#primaryimage\"},\"image\":{\"@id\":\"https:\\\/\\\/laurasis.com\\\/index.php\\\/produit\\\/huile-solaire-au-roucou-flacon-250-ml\\\/#primaryimage\"},\"thumbnailUrl\":\"https:\\\/\\\/laurasis.com\\\/wp-content\\\/uploads\\\/2024\\\/07\\\/LBC_Huile-Solaire-au-Roucou2-1.jpg\",\"datePublished\":\"2019-08-11T03:10:55+00:00\",\"dateModified\":\"2025-04-30T11:36:41+00:00\",\"description\":\"Huile de soins Laurasis Beaut\u00e9 Cr\u00e9ole. L'huile solaire au roucou est un produit 2 en 1.1. produit solaire pour vous permettre d'avoir un bronzage uniforme IP4-6 pour les peaux mates qui bronzent bien. Ce n'est pas un \u00e9cran total.2. r\u00e9pulsif naturel contre les moustiques et les moucherons.\",\"breadcrumb\":{\"@id\":\"https:\\\/\\\/laurasis.com\\\/index.php\\\/produit\\\/huile-solaire-au-roucou-flacon-250-ml\\\/#breadcrumb\"},\"inLanguage\":\"fr-FR\",\"potentialAction\":[{\"@type\":\"ReadAction\",\"target\":[\"https:\\\/\\\/laurasis.com\\\/index.php\\\/produit\\\/huile-solaire-au-roucou-flacon-250-ml\\\/\"]}]},{\"@type\":\"ImageObject\",\"inLanguage\":\"fr-FR\",\"@id\":\"https:\\\/\\\/laurasis.com\\\/index.php\\\/produit\\\/huile-solaire-au-roucou-flacon-250-ml\\\/#primaryimage\",\"url\":\"https:\\\/\\\/laurasis.com\\\/wp-content\\\/uploads\\\/2024\\\/07\\\/LBC_Huile-Solaire-au-Roucou2-1.jpg\",\"contentUrl\":\"https:\\\/\\\/laurasis.com\\\/wp-content\\\/uploads\\\/2024\\\/07\\\/LBC_Huile-Solaire-au-Roucou2-1.jpg\",\"width\":785,\"height\":1025},{\"@type\":\"BreadcrumbList\",\"@id\":\"https:\\\/\\\/laurasis.com\\\/index.php\\\/produit\\\/huile-solaire-au-roucou-flacon-250-ml\\\/#breadcrumb\",\"itemListElement\":[{\"@type\":\"ListItem\",\"position\":1,\"name\":\"Accueil\",\"item\":\"https:\\\/\\\/laurasis.com\\\/\"},{\"@type\":\"ListItem\",\"position\":2,\"name\":\"Boutique\",\"item\":\"https:\\\/\\\/laurasis.com\\\/index.php\\\/boutique\\\/\"},{\"@type\":\"ListItem\",\"position\":3,\"name\":\"Huile Solaire au Roucou (flacon simple 250 ml)\"}]},{\"@type\":\"WebSite\",\"@id\":\"https:\\\/\\\/laurasis.com\\\/#website\",\"url\":\"https:\\\/\\\/laurasis.com\\\/\",\"name\":\"LAURASIS\",\"description\":\"Laurais Beaut\u00e9 Cr\u00e9ole, une oasis de bien-\u00eatre.\",\"publisher\":{\"@id\":\"https:\\\/\\\/laurasis.com\\\/#organization\"},\"potentialAction\":[{\"@type\":\"SearchAction\",\"target\":{\"@type\":\"EntryPoint\",\"urlTemplate\":\"https:\\\/\\\/laurasis.com\\\/?s={search_term_string}\"},\"query-input\":{\"@type\":\"PropertyValueSpecification\",\"valueRequired\":true,\"valueName\":\"search_term_string\"}}],\"inLanguage\":\"fr-FR\"},{\"@type\":\"Organization\",\"@id\":\"https:\\\/\\\/laurasis.com\\\/#organization\",\"name\":\"Laurasis Beaut\u00e9 Cr\u00e9ole\",\"url\":\"https:\\\/\\\/laurasis.com\\\/\",\"logo\":{\"@type\":\"ImageObject\",\"inLanguage\":\"fr-FR\",\"@id\":\"https:\\\/\\\/laurasis.com\\\/#\\\/schema\\\/logo\\\/image\\\/\",\"url\":\"https:\\\/\\\/laurasis.com\\\/wp-content\\\/uploads\\\/2024\\\/06\\\/Logo-LBC-transparent.png\",\"contentUrl\":\"https:\\\/\\\/laurasis.com\\\/wp-content\\\/uploads\\\/2024\\\/06\\\/Logo-LBC-transparent.png\",\"width\":311,\"height\":169,\"caption\":\"Laurasis Beaut\u00e9 Cr\u00e9ole\"},\"image\":{\"@id\":\"https:\\\/\\\/laurasis.com\\\/#\\\/schema\\\/logo\\\/image\\\/\"},\"sameAs\":[\"https:\\\/\\\/www.instagram.com\\\/LAURASISBEAUTECREOLE\\\/\"]}]}<\/script>\n<!-- \/ Yoast SEO plugin. -->","yoast_head_json":{"title":"Huile Solaire au Roucou (flacon simple 250 ml) - LAURASIS","description":"Huile de soins Laurasis Beaut\u00e9 Cr\u00e9ole. L'huile solaire au roucou est un produit 2 en 1.1. produit solaire pour vous permettre d'avoir un bronzage uniforme IP4-6 pour les peaux mates qui bronzent bien. Ce n'est pas un \u00e9cran total.2. r\u00e9pulsif naturel contre les moustiques et les moucherons.","robots":{"index":"index","follow":"follow","max-snippet":"max-snippet:-1","max-image-preview":"max-image-preview:large","max-video-preview":"max-video-preview:-1"},"canonical":"https:\/\/laurasis.com\/index.php\/produit\/huile-solaire-au-roucou-flacon-250-ml\/","og_locale":"fr_FR","og_type":"article","og_title":"Huile Solaire au Roucou (flacon simple 250 ml) - LAURASIS","og_description":"Huile de soins Laurasis Beaut\u00e9 Cr\u00e9ole. L'huile solaire au roucou est un produit 2 en 1.1. produit solaire pour vous permettre d'avoir un bronzage uniforme IP4-6 pour les peaux mates qui bronzent bien. Ce n'est pas un \u00e9cran total.2. r\u00e9pulsif naturel contre les moustiques et les moucherons.","og_url":"https:\/\/laurasis.com\/index.php\/produit\/huile-solaire-au-roucou-flacon-250-ml\/","og_site_name":"LAURASIS","article_modified_time":"2025-04-30T11:36:41+00:00","og_image":[{"width":785,"height":1025,"url":"https:\/\/laurasis.com\/wp-content\/uploads\/2024\/07\/LBC_Huile-Solaire-au-Roucou2-1.jpg","type":"image\/jpeg"}],"twitter_card":"summary_large_image","schema":{"@context":"https:\/\/schema.org","@graph":[{"@type":"WebPage","@id":"https:\/\/laurasis.com\/index.php\/produit\/huile-solaire-au-roucou-flacon-250-ml\/","url":"https:\/\/laurasis.com\/index.php\/produit\/huile-solaire-au-roucou-flacon-250-ml\/","name":"Huile Solaire au Roucou (flacon simple 250 ml) - LAURASIS","isPartOf":{"@id":"https:\/\/laurasis.com\/#website"},"primaryImageOfPage":{"@id":"https:\/\/laurasis.com\/index.php\/produit\/huile-solaire-au-roucou-flacon-250-ml\/#primaryimage"},"image":{"@id":"https:\/\/laurasis.com\/index.php\/produit\/huile-solaire-au-roucou-flacon-250-ml\/#primaryimage"},"thumbnailUrl":"https:\/\/laurasis.com\/wp-content\/uploads\/2024\/07\/LBC_Huile-Solaire-au-Roucou2-1.jpg","datePublished":"2019-08-11T03:10:55+00:00","dateModified":"2025-04-30T11:36:41+00:00","description":"Huile de soins Laurasis Beaut\u00e9 Cr\u00e9ole. L'huile solaire au roucou est un produit 2 en 1.1. produit solaire pour vous permettre d'avoir un bronzage uniforme IP4-6 pour les peaux mates qui bronzent bien. Ce n'est pas un \u00e9cran total.2. r\u00e9pulsif naturel contre les moustiques et les moucherons.","breadcrumb":{"@id":"https:\/\/laurasis.com\/index.php\/produit\/huile-solaire-au-roucou-flacon-250-ml\/#breadcrumb"},"inLanguage":"fr-FR","potentialAction":[{"@type":"ReadAction","target":["https:\/\/laurasis.com\/index.php\/produit\/huile-solaire-au-roucou-flacon-250-ml\/"]}]},{"@type":"ImageObject","inLanguage":"fr-FR","@id":"https:\/\/laurasis.com\/index.php\/produit\/huile-solaire-au-roucou-flacon-250-ml\/#primaryimage","url":"https:\/\/laurasis.com\/wp-content\/uploads\/2024\/07\/LBC_Huile-Solaire-au-Roucou2-1.jpg","contentUrl":"https:\/\/laurasis.com\/wp-content\/uploads\/2024\/07\/LBC_Huile-Solaire-au-Roucou2-1.jpg","width":785,"height":1025},{"@type":"BreadcrumbList","@id":"https:\/\/laurasis.com\/index.php\/produit\/huile-solaire-au-roucou-flacon-250-ml\/#breadcrumb","itemListElement":[{"@type":"ListItem","position":1,"name":"Accueil","item":"https:\/\/laurasis.com\/"},{"@type":"ListItem","position":2,"name":"Boutique","item":"https:\/\/laurasis.com\/index.php\/boutique\/"},{"@type":"ListItem","position":3,"name":"Huile Solaire au Roucou (flacon simple 250 ml)"}]},{"@type":"WebSite","@id":"https:\/\/laurasis.com\/#website","url":"https:\/\/laurasis.com\/","name":"LAURASIS","description":"Laurais Beaut\u00e9 Cr\u00e9ole, une oasis de bien-\u00eatre.","publisher":{"@id":"https:\/\/laurasis.com\/#organization"},"potentialAction":[{"@type":"SearchAction","target":{"@type":"EntryPoint","urlTemplate":"https:\/\/laurasis.com\/?s={search_term_string}"},"query-input":{"@type":"PropertyValueSpecification","valueRequired":true,"valueName":"search_term_string"}}],"inLanguage":"fr-FR"},{"@type":"Organization","@id":"https:\/\/laurasis.com\/#organization","name":"Laurasis Beaut\u00e9 Cr\u00e9ole","url":"https:\/\/laurasis.com\/","logo":{"@type":"ImageObject","inLanguage":"fr-FR","@id":"https:\/\/laurasis.com\/#\/schema\/logo\/image\/","url":"https:\/\/laurasis.com\/wp-content\/uploads\/2024\/06\/Logo-LBC-transparent.png","contentUrl":"https:\/\/laurasis.com\/wp-content\/uploads\/2024\/06\/Logo-LBC-transparent.png","width":311,"height":169,"caption":"Laurasis Beaut\u00e9 Cr\u00e9ole"},"image":{"@id":"https:\/\/laurasis.com\/#\/schema\/logo\/image\/"},"sameAs":["https:\/\/www.instagram.com\/LAURASISBEAUTECREOLE\/"]}]}},"_links":{"self":[{"href":"https:\/\/laurasis.com\/index.php\/wp-json\/wp\/v2\/product\/353","targetHints":{"allow":["GET"]}}],"collection":[{"href":"https:\/\/laurasis.com\/index.php\/wp-json\/wp\/v2\/product"}],"about":[{"href":"https:\/\/laurasis.com\/index.php\/wp-json\/wp\/v2\/types\/product"}],"replies":[{"embeddable":true,"href":"https:\/\/laurasis.com\/index.php\/wp-json\/wp\/v2\/comments?post=353"}],"wp:featuredmedia":[{"embeddable":true,"href":"https:\/\/laurasis.com\/index.php\/wp-json\/wp\/v2\/media\/1413"}],"wp:attachment":[{"href":"https:\/\/laurasis.com\/index.php\/wp-json\/wp\/v2\/media?parent=353"}],"wp:term":[{"taxonomy":"product_brand","embeddable":true,"href":"https:\/\/laurasis.com\/index.php\/wp-json\/wp\/v2\/product_brand?post=353"},{"taxonomy":"product_cat","embeddable":true,"href":"https:\/\/laurasis.com\/index.php\/wp-json\/wp\/v2\/product_cat?post=353"},{"taxonomy":"product_tag","embeddable":true,"href":"https:\/\/laurasis.com\/index.php\/wp-json\/wp\/v2\/product_tag?post=353"}],"curies":[{"name":"wp","href":"https:\/\/api.w.org\/{rel}","templated":true}]}}