{"id":414,"date":"2019-08-11T07:27:37","date_gmt":"2019-08-11T05:27:37","guid":{"rendered":"http:\/\/laurasis.com\/?post_type=product&#038;p=414"},"modified":"2025-10-15T22:24:44","modified_gmt":"2025-10-15T20:24:44","slug":"shampooing-solide-aux-2-hibiscus","status":"publish","type":"product","link":"https:\/\/laurasis.com\/index.php\/produit\/shampooing-solide-aux-2-hibiscus\/","title":{"rendered":"Shampoing Solide Aux Deux Hibiscus"},"content":{"rendered":"","protected":false},"excerpt":{"rendered":"<h2><strong>D\u00e9tail du produit<\/strong><\/h2>\n<p>Le shampoing solide aux deux hibiscus de Laurasis Beaut\u00e9 Cr\u00e9ole (\u2248100g)<br \/>\nPrix : 13,20 \u20ac TTC (hors frais de livraison)<\/p>\n<p>Le shampoing solide aux deux hibiscus de Laurasis Beaut\u00e9 Cr\u00e9ole, est un shampoing 2 en 1.<br \/>\nIl lave et d\u00e9m\u00eale en douceur tous les types de cheveux.<br \/>\n&#8211; L&rsquo;hibiscus de jardin est un \u00e9mollient. Il assouplit le cheveu et \u00e9limine les pellicules.<br \/>\n&#8211; Le \u00ab\u00a0gwoseil pays\u00a0\u00bb, (ou bissap), fortifie et stimule la pousse.<br \/>\n(Tous types de cheveux.)<\/p>\n<h5><em><strong>Shampooing 100% v\u00e9g\u00e9tal, sans colorants, sans additifs, ni conservateurs.<\/strong><\/em><\/h5>\n<p>Produit fabriqu\u00e9 en Guadeloupe. \ud83c\uddec\ud83c\uddf5<\/p>\n","protected":false},"featured_media":1396,"comment_status":"open","ping_status":"closed","template":"","meta":[],"product_brand":[],"product_cat":[40,41],"product_tag":[],"class_list":{"0":"post-414","1":"product","2":"type-product","3":"status-publish","4":"has-post-thumbnail","6":"product_cat-les-shampooings-solides","7":"product_cat-les-produits-capillaires","9":"first","10":"onbackorder","11":"taxable","12":"shipping-taxable","13":"purchasable","14":"product-type-simple"},"yoast_head":"<!-- This site is optimized with the Yoast SEO plugin v27.5 - https:\/\/yoast.com\/product\/yoast-seo-wordpress\/ -->\n<title>Shampoing Solide Aux Deux Hibiscus - LAURASIS<\/title>\n<meta name=\"description\" content=\"Shampoing Solide Laurasis Beaut\u00e9 Cr\u00e9ole. Le Shampoing Solide Aux Deux Hibiscus de Laurasis Beaut\u00e9 Cr\u00e9ole, est un shampoing 2en1.\u00a0Il lave et d\u00e9m\u00eale en douceur tout les types de cheveux. L&#039;hibiscus de jardin est un \u00e9mollient. Il assouplit le cheveu et \u00e9limine les pellicules. Le gwoseil pays (ou bissap) fortifie et stimule la pousse.\" \/>\n<meta name=\"robots\" content=\"index, follow, max-snippet:-1, max-image-preview:large, max-video-preview:-1\" \/>\n<link rel=\"canonical\" href=\"https:\/\/laurasis.com\/index.php\/produit\/shampooing-solide-aux-2-hibiscus\/\" \/>\n<meta property=\"og:locale\" content=\"fr_FR\" \/>\n<meta property=\"og:type\" content=\"article\" \/>\n<meta property=\"og:title\" content=\"Shampoing Solide Aux Deux Hibiscus - LAURASIS\" \/>\n<meta property=\"og:description\" content=\"Shampoing Solide Laurasis Beaut\u00e9 Cr\u00e9ole. Le Shampoing Solide Aux Deux Hibiscus de Laurasis Beaut\u00e9 Cr\u00e9ole, est un shampoing 2en1.\u00a0Il lave et d\u00e9m\u00eale en douceur tout les types de cheveux. L&#039;hibiscus de jardin est un \u00e9mollient. Il assouplit le cheveu et \u00e9limine les pellicules. Le gwoseil pays (ou bissap) fortifie et stimule la pousse.\" \/>\n<meta property=\"og:url\" content=\"https:\/\/laurasis.com\/index.php\/produit\/shampooing-solide-aux-2-hibiscus\/\" \/>\n<meta property=\"og:site_name\" content=\"LAURASIS\" \/>\n<meta property=\"article:modified_time\" content=\"2025-10-15T20:24:44+00:00\" \/>\n<meta property=\"og:image\" content=\"https:\/\/laurasis.com\/wp-content\/uploads\/2024\/07\/LBC_Shamppoing-solide-hibiscus.png\" \/>\n\t<meta property=\"og:image:width\" content=\"960\" \/>\n\t<meta property=\"og:image:height\" content=\"1280\" \/>\n\t<meta property=\"og:image:type\" content=\"image\/png\" \/>\n<meta name=\"twitter:card\" content=\"summary_large_image\" \/>\n<script type=\"application\/ld+json\" class=\"yoast-schema-graph\">{\"@context\":\"https:\\\/\\\/schema.org\",\"@graph\":[{\"@type\":\"WebPage\",\"@id\":\"https:\\\/\\\/laurasis.com\\\/index.php\\\/produit\\\/shampooing-solide-aux-2-hibiscus\\\/\",\"url\":\"https:\\\/\\\/laurasis.com\\\/index.php\\\/produit\\\/shampooing-solide-aux-2-hibiscus\\\/\",\"name\":\"Shampoing Solide Aux Deux Hibiscus - LAURASIS\",\"isPartOf\":{\"@id\":\"https:\\\/\\\/laurasis.com\\\/#website\"},\"primaryImageOfPage\":{\"@id\":\"https:\\\/\\\/laurasis.com\\\/index.php\\\/produit\\\/shampooing-solide-aux-2-hibiscus\\\/#primaryimage\"},\"image\":{\"@id\":\"https:\\\/\\\/laurasis.com\\\/index.php\\\/produit\\\/shampooing-solide-aux-2-hibiscus\\\/#primaryimage\"},\"thumbnailUrl\":\"https:\\\/\\\/laurasis.com\\\/wp-content\\\/uploads\\\/2024\\\/07\\\/LBC_Shamppoing-solide-hibiscus.png\",\"datePublished\":\"2019-08-11T05:27:37+00:00\",\"dateModified\":\"2025-10-15T20:24:44+00:00\",\"description\":\"Shampoing Solide Laurasis Beaut\u00e9 Cr\u00e9ole. Le Shampoing Solide Aux Deux Hibiscus de Laurasis Beaut\u00e9 Cr\u00e9ole, est un shampoing 2en1.\u00a0Il lave et d\u00e9m\u00eale en douceur tout les types de cheveux. L'hibiscus de jardin est un \u00e9mollient. Il assouplit le cheveu et \u00e9limine les pellicules. Le gwoseil pays (ou bissap) fortifie et stimule la pousse.\",\"breadcrumb\":{\"@id\":\"https:\\\/\\\/laurasis.com\\\/index.php\\\/produit\\\/shampooing-solide-aux-2-hibiscus\\\/#breadcrumb\"},\"inLanguage\":\"fr-FR\",\"potentialAction\":[{\"@type\":\"ReadAction\",\"target\":[\"https:\\\/\\\/laurasis.com\\\/index.php\\\/produit\\\/shampooing-solide-aux-2-hibiscus\\\/\"]}]},{\"@type\":\"ImageObject\",\"inLanguage\":\"fr-FR\",\"@id\":\"https:\\\/\\\/laurasis.com\\\/index.php\\\/produit\\\/shampooing-solide-aux-2-hibiscus\\\/#primaryimage\",\"url\":\"https:\\\/\\\/laurasis.com\\\/wp-content\\\/uploads\\\/2024\\\/07\\\/LBC_Shamppoing-solide-hibiscus.png\",\"contentUrl\":\"https:\\\/\\\/laurasis.com\\\/wp-content\\\/uploads\\\/2024\\\/07\\\/LBC_Shamppoing-solide-hibiscus.png\",\"width\":960,\"height\":1280},{\"@type\":\"BreadcrumbList\",\"@id\":\"https:\\\/\\\/laurasis.com\\\/index.php\\\/produit\\\/shampooing-solide-aux-2-hibiscus\\\/#breadcrumb\",\"itemListElement\":[{\"@type\":\"ListItem\",\"position\":1,\"name\":\"Accueil\",\"item\":\"https:\\\/\\\/laurasis.com\\\/\"},{\"@type\":\"ListItem\",\"position\":2,\"name\":\"Boutique\",\"item\":\"https:\\\/\\\/laurasis.com\\\/index.php\\\/boutique\\\/\"},{\"@type\":\"ListItem\",\"position\":3,\"name\":\"Shampoing Solide Aux Deux Hibiscus\"}]},{\"@type\":\"WebSite\",\"@id\":\"https:\\\/\\\/laurasis.com\\\/#website\",\"url\":\"https:\\\/\\\/laurasis.com\\\/\",\"name\":\"LAURASIS\",\"description\":\"Laurais Beaut\u00e9 Cr\u00e9ole, une oasis de bien-\u00eatre.\",\"publisher\":{\"@id\":\"https:\\\/\\\/laurasis.com\\\/#organization\"},\"potentialAction\":[{\"@type\":\"SearchAction\",\"target\":{\"@type\":\"EntryPoint\",\"urlTemplate\":\"https:\\\/\\\/laurasis.com\\\/?s={search_term_string}\"},\"query-input\":{\"@type\":\"PropertyValueSpecification\",\"valueRequired\":true,\"valueName\":\"search_term_string\"}}],\"inLanguage\":\"fr-FR\"},{\"@type\":\"Organization\",\"@id\":\"https:\\\/\\\/laurasis.com\\\/#organization\",\"name\":\"Laurasis Beaut\u00e9 Cr\u00e9ole\",\"url\":\"https:\\\/\\\/laurasis.com\\\/\",\"logo\":{\"@type\":\"ImageObject\",\"inLanguage\":\"fr-FR\",\"@id\":\"https:\\\/\\\/laurasis.com\\\/#\\\/schema\\\/logo\\\/image\\\/\",\"url\":\"https:\\\/\\\/laurasis.com\\\/wp-content\\\/uploads\\\/2024\\\/06\\\/Logo-LBC-transparent.png\",\"contentUrl\":\"https:\\\/\\\/laurasis.com\\\/wp-content\\\/uploads\\\/2024\\\/06\\\/Logo-LBC-transparent.png\",\"width\":311,\"height\":169,\"caption\":\"Laurasis Beaut\u00e9 Cr\u00e9ole\"},\"image\":{\"@id\":\"https:\\\/\\\/laurasis.com\\\/#\\\/schema\\\/logo\\\/image\\\/\"},\"sameAs\":[\"https:\\\/\\\/www.instagram.com\\\/LAURASISBEAUTECREOLE\\\/\"]}]}<\/script>\n<!-- \/ Yoast SEO plugin. -->","yoast_head_json":{"title":"Shampoing Solide Aux Deux Hibiscus - LAURASIS","description":"Shampoing Solide Laurasis Beaut\u00e9 Cr\u00e9ole. Le Shampoing Solide Aux Deux Hibiscus de Laurasis Beaut\u00e9 Cr\u00e9ole, est un shampoing 2en1.\u00a0Il lave et d\u00e9m\u00eale en douceur tout les types de cheveux. L'hibiscus de jardin est un \u00e9mollient. Il assouplit le cheveu et \u00e9limine les pellicules. Le gwoseil pays (ou bissap) fortifie et stimule la pousse.","robots":{"index":"index","follow":"follow","max-snippet":"max-snippet:-1","max-image-preview":"max-image-preview:large","max-video-preview":"max-video-preview:-1"},"canonical":"https:\/\/laurasis.com\/index.php\/produit\/shampooing-solide-aux-2-hibiscus\/","og_locale":"fr_FR","og_type":"article","og_title":"Shampoing Solide Aux Deux Hibiscus - LAURASIS","og_description":"Shampoing Solide Laurasis Beaut\u00e9 Cr\u00e9ole. Le Shampoing Solide Aux Deux Hibiscus de Laurasis Beaut\u00e9 Cr\u00e9ole, est un shampoing 2en1.\u00a0Il lave et d\u00e9m\u00eale en douceur tout les types de cheveux. L'hibiscus de jardin est un \u00e9mollient. Il assouplit le cheveu et \u00e9limine les pellicules. Le gwoseil pays (ou bissap) fortifie et stimule la pousse.","og_url":"https:\/\/laurasis.com\/index.php\/produit\/shampooing-solide-aux-2-hibiscus\/","og_site_name":"LAURASIS","article_modified_time":"2025-10-15T20:24:44+00:00","og_image":[{"width":960,"height":1280,"url":"https:\/\/laurasis.com\/wp-content\/uploads\/2024\/07\/LBC_Shamppoing-solide-hibiscus.png","type":"image\/png"}],"twitter_card":"summary_large_image","schema":{"@context":"https:\/\/schema.org","@graph":[{"@type":"WebPage","@id":"https:\/\/laurasis.com\/index.php\/produit\/shampooing-solide-aux-2-hibiscus\/","url":"https:\/\/laurasis.com\/index.php\/produit\/shampooing-solide-aux-2-hibiscus\/","name":"Shampoing Solide Aux Deux Hibiscus - LAURASIS","isPartOf":{"@id":"https:\/\/laurasis.com\/#website"},"primaryImageOfPage":{"@id":"https:\/\/laurasis.com\/index.php\/produit\/shampooing-solide-aux-2-hibiscus\/#primaryimage"},"image":{"@id":"https:\/\/laurasis.com\/index.php\/produit\/shampooing-solide-aux-2-hibiscus\/#primaryimage"},"thumbnailUrl":"https:\/\/laurasis.com\/wp-content\/uploads\/2024\/07\/LBC_Shamppoing-solide-hibiscus.png","datePublished":"2019-08-11T05:27:37+00:00","dateModified":"2025-10-15T20:24:44+00:00","description":"Shampoing Solide Laurasis Beaut\u00e9 Cr\u00e9ole. Le Shampoing Solide Aux Deux Hibiscus de Laurasis Beaut\u00e9 Cr\u00e9ole, est un shampoing 2en1.\u00a0Il lave et d\u00e9m\u00eale en douceur tout les types de cheveux. L'hibiscus de jardin est un \u00e9mollient. Il assouplit le cheveu et \u00e9limine les pellicules. Le gwoseil pays (ou bissap) fortifie et stimule la pousse.","breadcrumb":{"@id":"https:\/\/laurasis.com\/index.php\/produit\/shampooing-solide-aux-2-hibiscus\/#breadcrumb"},"inLanguage":"fr-FR","potentialAction":[{"@type":"ReadAction","target":["https:\/\/laurasis.com\/index.php\/produit\/shampooing-solide-aux-2-hibiscus\/"]}]},{"@type":"ImageObject","inLanguage":"fr-FR","@id":"https:\/\/laurasis.com\/index.php\/produit\/shampooing-solide-aux-2-hibiscus\/#primaryimage","url":"https:\/\/laurasis.com\/wp-content\/uploads\/2024\/07\/LBC_Shamppoing-solide-hibiscus.png","contentUrl":"https:\/\/laurasis.com\/wp-content\/uploads\/2024\/07\/LBC_Shamppoing-solide-hibiscus.png","width":960,"height":1280},{"@type":"BreadcrumbList","@id":"https:\/\/laurasis.com\/index.php\/produit\/shampooing-solide-aux-2-hibiscus\/#breadcrumb","itemListElement":[{"@type":"ListItem","position":1,"name":"Accueil","item":"https:\/\/laurasis.com\/"},{"@type":"ListItem","position":2,"name":"Boutique","item":"https:\/\/laurasis.com\/index.php\/boutique\/"},{"@type":"ListItem","position":3,"name":"Shampoing Solide Aux Deux Hibiscus"}]},{"@type":"WebSite","@id":"https:\/\/laurasis.com\/#website","url":"https:\/\/laurasis.com\/","name":"LAURASIS","description":"Laurais Beaut\u00e9 Cr\u00e9ole, une oasis de bien-\u00eatre.","publisher":{"@id":"https:\/\/laurasis.com\/#organization"},"potentialAction":[{"@type":"SearchAction","target":{"@type":"EntryPoint","urlTemplate":"https:\/\/laurasis.com\/?s={search_term_string}"},"query-input":{"@type":"PropertyValueSpecification","valueRequired":true,"valueName":"search_term_string"}}],"inLanguage":"fr-FR"},{"@type":"Organization","@id":"https:\/\/laurasis.com\/#organization","name":"Laurasis Beaut\u00e9 Cr\u00e9ole","url":"https:\/\/laurasis.com\/","logo":{"@type":"ImageObject","inLanguage":"fr-FR","@id":"https:\/\/laurasis.com\/#\/schema\/logo\/image\/","url":"https:\/\/laurasis.com\/wp-content\/uploads\/2024\/06\/Logo-LBC-transparent.png","contentUrl":"https:\/\/laurasis.com\/wp-content\/uploads\/2024\/06\/Logo-LBC-transparent.png","width":311,"height":169,"caption":"Laurasis Beaut\u00e9 Cr\u00e9ole"},"image":{"@id":"https:\/\/laurasis.com\/#\/schema\/logo\/image\/"},"sameAs":["https:\/\/www.instagram.com\/LAURASISBEAUTECREOLE\/"]}]}},"_links":{"self":[{"href":"https:\/\/laurasis.com\/index.php\/wp-json\/wp\/v2\/product\/414","targetHints":{"allow":["GET"]}}],"collection":[{"href":"https:\/\/laurasis.com\/index.php\/wp-json\/wp\/v2\/product"}],"about":[{"href":"https:\/\/laurasis.com\/index.php\/wp-json\/wp\/v2\/types\/product"}],"replies":[{"embeddable":true,"href":"https:\/\/laurasis.com\/index.php\/wp-json\/wp\/v2\/comments?post=414"}],"wp:featuredmedia":[{"embeddable":true,"href":"https:\/\/laurasis.com\/index.php\/wp-json\/wp\/v2\/media\/1396"}],"wp:attachment":[{"href":"https:\/\/laurasis.com\/index.php\/wp-json\/wp\/v2\/media?parent=414"}],"wp:term":[{"taxonomy":"product_brand","embeddable":true,"href":"https:\/\/laurasis.com\/index.php\/wp-json\/wp\/v2\/product_brand?post=414"},{"taxonomy":"product_cat","embeddable":true,"href":"https:\/\/laurasis.com\/index.php\/wp-json\/wp\/v2\/product_cat?post=414"},{"taxonomy":"product_tag","embeddable":true,"href":"https:\/\/laurasis.com\/index.php\/wp-json\/wp\/v2\/product_tag?post=414"}],"curies":[{"name":"wp","href":"https:\/\/api.w.org\/{rel}","templated":true}]}}