{"id":431,"date":"2019-08-11T08:09:21","date_gmt":"2019-08-11T06:09:21","guid":{"rendered":"http:\/\/laurasis.com\/?post_type=product&#038;p=431"},"modified":"2024-06-13T12:52:47","modified_gmt":"2024-06-13T10:52:47","slug":"creme-equilibrante-a-lylang-ylang","status":"publish","type":"product","link":"https:\/\/laurasis.com\/index.php\/produit\/creme-equilibrante-a-lylang-ylang\/","title":{"rendered":"Cr\u00e8me de Soin Equilibrante \u00e0 l&rsquo;Ylang-ylang"},"content":{"rendered":"","protected":false},"excerpt":{"rendered":"<h2><strong>D\u00e9tail du produit <\/strong><\/h2>\n<p>La cr\u00e8me \u00e9quilibrante \u00e0 l&rsquo;Ylang-ylang de Laurasis Beaut\u00e9 Cr\u00e9ole (30 ml)<br \/>\nPrix : 25,00 \u20ac TTC (hors frais de livraison)<\/p>\n<p>La cr\u00e8me de soin \u00e9quilibrante \u00e0 l&rsquo;Ylang-Yang Laurasis Beaut\u00e9 Cr\u00e9ole, est \u00e9quilibrante et anti-\u00e2ge, gr\u00e2ce aux propri\u00e9t\u00e9s r\u00e9gulatrices et anti-radicalaires de la fleur d&rsquo;ylang-ylang.<br \/>\nPour les peaux mixtes, grasses et matures.<br \/>\n(Peut s&rsquo;appliquer matin et soir).<\/p>\n<h5><em><strong>Cr\u00e8me 100% v\u00e9g\u00e9tale. Sans conservateurs, sans additifs, ni colorants. <\/strong><\/em><\/h5>\n<p><span style=\"color: #ff0000;\"><em><strong>( \u26a0 Vendu uniquement en Guadeloupe &#8211; \u00e0 conserver au frais.)<\/strong><\/em><\/span><\/p>\n<p>Produit fabriqu\u00e9 en Guadeloupe. \ud83c\uddec\ud83c\uddf5<\/p>\n","protected":false},"featured_media":0,"comment_status":"open","ping_status":"closed","template":"","meta":[],"product_brand":[],"product_cat":[42],"product_tag":[],"class_list":{"0":"post-431","1":"product","2":"type-product","3":"status-publish","5":"product_cat-les-cremes-visage","7":"first","8":"outofstock","9":"taxable","10":"shipping-taxable","11":"purchasable","12":"product-type-simple"},"yoast_head":"<!-- This site is optimized with the Yoast SEO plugin v27.5 - https:\/\/yoast.com\/product\/yoast-seo-wordpress\/ -->\n<title>Cr\u00e8me de Soin Equilibrante \u00e0 l&#039;Ylang-ylang - LAURASIS<\/title>\n<meta name=\"description\" content=\"Cr\u00e8me de soin Laurasis Beaut\u00e9 Cr\u00e9ole. La Cr\u00e8me de Soin Equilibrante \u00e0 l&#039;Ylang-Yang Laurasis Beaut\u00e9 Cr\u00e9ole, est \u00e9quilibrante et anti \u00e2ge, gr\u00e2ce aux propri\u00e9t\u00e9s r\u00e9gulatrice et anti radicalaire de la fleur d&#039;ylang-ylang. Pour les peaux mixtes, grasses et matures.(Peut s&#039;appliquer matin et soir).\" \/>\n<meta name=\"robots\" content=\"index, follow, max-snippet:-1, max-image-preview:large, max-video-preview:-1\" \/>\n<link rel=\"canonical\" href=\"https:\/\/laurasis.com\/index.php\/produit\/creme-equilibrante-a-lylang-ylang\/\" \/>\n<meta property=\"og:locale\" content=\"fr_FR\" \/>\n<meta property=\"og:type\" content=\"article\" \/>\n<meta property=\"og:title\" content=\"Cr\u00e8me de Soin Equilibrante \u00e0 l&#039;Ylang-ylang - LAURASIS\" \/>\n<meta property=\"og:description\" content=\"Cr\u00e8me de soin Laurasis Beaut\u00e9 Cr\u00e9ole. La Cr\u00e8me de Soin Equilibrante \u00e0 l&#039;Ylang-Yang Laurasis Beaut\u00e9 Cr\u00e9ole, est \u00e9quilibrante et anti \u00e2ge, gr\u00e2ce aux propri\u00e9t\u00e9s r\u00e9gulatrice et anti radicalaire de la fleur d&#039;ylang-ylang. Pour les peaux mixtes, grasses et matures.(Peut s&#039;appliquer matin et soir).\" \/>\n<meta property=\"og:url\" content=\"https:\/\/laurasis.com\/index.php\/produit\/creme-equilibrante-a-lylang-ylang\/\" \/>\n<meta property=\"og:site_name\" content=\"LAURASIS\" \/>\n<meta property=\"article:modified_time\" content=\"2024-06-13T10:52:47+00:00\" \/>\n<meta name=\"twitter:card\" content=\"summary_large_image\" \/>\n<script type=\"application\/ld+json\" class=\"yoast-schema-graph\">{\"@context\":\"https:\\\/\\\/schema.org\",\"@graph\":[{\"@type\":\"WebPage\",\"@id\":\"https:\\\/\\\/laurasis.com\\\/index.php\\\/produit\\\/creme-equilibrante-a-lylang-ylang\\\/\",\"url\":\"https:\\\/\\\/laurasis.com\\\/index.php\\\/produit\\\/creme-equilibrante-a-lylang-ylang\\\/\",\"name\":\"Cr\u00e8me de Soin Equilibrante \u00e0 l'Ylang-ylang - LAURASIS\",\"isPartOf\":{\"@id\":\"https:\\\/\\\/laurasis.com\\\/#website\"},\"datePublished\":\"2019-08-11T06:09:21+00:00\",\"dateModified\":\"2024-06-13T10:52:47+00:00\",\"description\":\"Cr\u00e8me de soin Laurasis Beaut\u00e9 Cr\u00e9ole. La Cr\u00e8me de Soin Equilibrante \u00e0 l'Ylang-Yang Laurasis Beaut\u00e9 Cr\u00e9ole, est \u00e9quilibrante et anti \u00e2ge, gr\u00e2ce aux propri\u00e9t\u00e9s r\u00e9gulatrice et anti radicalaire de la fleur d'ylang-ylang. Pour les peaux mixtes, grasses et matures.(Peut s'appliquer matin et soir).\",\"breadcrumb\":{\"@id\":\"https:\\\/\\\/laurasis.com\\\/index.php\\\/produit\\\/creme-equilibrante-a-lylang-ylang\\\/#breadcrumb\"},\"inLanguage\":\"fr-FR\",\"potentialAction\":[{\"@type\":\"ReadAction\",\"target\":[\"https:\\\/\\\/laurasis.com\\\/index.php\\\/produit\\\/creme-equilibrante-a-lylang-ylang\\\/\"]}]},{\"@type\":\"BreadcrumbList\",\"@id\":\"https:\\\/\\\/laurasis.com\\\/index.php\\\/produit\\\/creme-equilibrante-a-lylang-ylang\\\/#breadcrumb\",\"itemListElement\":[{\"@type\":\"ListItem\",\"position\":1,\"name\":\"Accueil\",\"item\":\"https:\\\/\\\/laurasis.com\\\/\"},{\"@type\":\"ListItem\",\"position\":2,\"name\":\"Boutique\",\"item\":\"https:\\\/\\\/laurasis.com\\\/index.php\\\/boutique\\\/\"},{\"@type\":\"ListItem\",\"position\":3,\"name\":\"Cr\u00e8me de Soin Equilibrante \u00e0 l&#8217;Ylang-ylang\"}]},{\"@type\":\"WebSite\",\"@id\":\"https:\\\/\\\/laurasis.com\\\/#website\",\"url\":\"https:\\\/\\\/laurasis.com\\\/\",\"name\":\"LAURASIS\",\"description\":\"Laurais Beaut\u00e9 Cr\u00e9ole, une oasis de bien-\u00eatre.\",\"publisher\":{\"@id\":\"https:\\\/\\\/laurasis.com\\\/#organization\"},\"potentialAction\":[{\"@type\":\"SearchAction\",\"target\":{\"@type\":\"EntryPoint\",\"urlTemplate\":\"https:\\\/\\\/laurasis.com\\\/?s={search_term_string}\"},\"query-input\":{\"@type\":\"PropertyValueSpecification\",\"valueRequired\":true,\"valueName\":\"search_term_string\"}}],\"inLanguage\":\"fr-FR\"},{\"@type\":\"Organization\",\"@id\":\"https:\\\/\\\/laurasis.com\\\/#organization\",\"name\":\"Laurasis Beaut\u00e9 Cr\u00e9ole\",\"url\":\"https:\\\/\\\/laurasis.com\\\/\",\"logo\":{\"@type\":\"ImageObject\",\"inLanguage\":\"fr-FR\",\"@id\":\"https:\\\/\\\/laurasis.com\\\/#\\\/schema\\\/logo\\\/image\\\/\",\"url\":\"https:\\\/\\\/laurasis.com\\\/wp-content\\\/uploads\\\/2024\\\/06\\\/Logo-LBC-transparent.png\",\"contentUrl\":\"https:\\\/\\\/laurasis.com\\\/wp-content\\\/uploads\\\/2024\\\/06\\\/Logo-LBC-transparent.png\",\"width\":311,\"height\":169,\"caption\":\"Laurasis Beaut\u00e9 Cr\u00e9ole\"},\"image\":{\"@id\":\"https:\\\/\\\/laurasis.com\\\/#\\\/schema\\\/logo\\\/image\\\/\"},\"sameAs\":[\"https:\\\/\\\/www.instagram.com\\\/LAURASISBEAUTECREOLE\\\/\"]}]}<\/script>\n<!-- \/ Yoast SEO plugin. -->","yoast_head_json":{"title":"Cr\u00e8me de Soin Equilibrante \u00e0 l'Ylang-ylang - LAURASIS","description":"Cr\u00e8me de soin Laurasis Beaut\u00e9 Cr\u00e9ole. La Cr\u00e8me de Soin Equilibrante \u00e0 l'Ylang-Yang Laurasis Beaut\u00e9 Cr\u00e9ole, est \u00e9quilibrante et anti \u00e2ge, gr\u00e2ce aux propri\u00e9t\u00e9s r\u00e9gulatrice et anti radicalaire de la fleur d'ylang-ylang. Pour les peaux mixtes, grasses et matures.(Peut s'appliquer matin et soir).","robots":{"index":"index","follow":"follow","max-snippet":"max-snippet:-1","max-image-preview":"max-image-preview:large","max-video-preview":"max-video-preview:-1"},"canonical":"https:\/\/laurasis.com\/index.php\/produit\/creme-equilibrante-a-lylang-ylang\/","og_locale":"fr_FR","og_type":"article","og_title":"Cr\u00e8me de Soin Equilibrante \u00e0 l'Ylang-ylang - LAURASIS","og_description":"Cr\u00e8me de soin Laurasis Beaut\u00e9 Cr\u00e9ole. La Cr\u00e8me de Soin Equilibrante \u00e0 l'Ylang-Yang Laurasis Beaut\u00e9 Cr\u00e9ole, est \u00e9quilibrante et anti \u00e2ge, gr\u00e2ce aux propri\u00e9t\u00e9s r\u00e9gulatrice et anti radicalaire de la fleur d'ylang-ylang. Pour les peaux mixtes, grasses et matures.(Peut s'appliquer matin et soir).","og_url":"https:\/\/laurasis.com\/index.php\/produit\/creme-equilibrante-a-lylang-ylang\/","og_site_name":"LAURASIS","article_modified_time":"2024-06-13T10:52:47+00:00","twitter_card":"summary_large_image","schema":{"@context":"https:\/\/schema.org","@graph":[{"@type":"WebPage","@id":"https:\/\/laurasis.com\/index.php\/produit\/creme-equilibrante-a-lylang-ylang\/","url":"https:\/\/laurasis.com\/index.php\/produit\/creme-equilibrante-a-lylang-ylang\/","name":"Cr\u00e8me de Soin Equilibrante \u00e0 l'Ylang-ylang - LAURASIS","isPartOf":{"@id":"https:\/\/laurasis.com\/#website"},"datePublished":"2019-08-11T06:09:21+00:00","dateModified":"2024-06-13T10:52:47+00:00","description":"Cr\u00e8me de soin Laurasis Beaut\u00e9 Cr\u00e9ole. La Cr\u00e8me de Soin Equilibrante \u00e0 l'Ylang-Yang Laurasis Beaut\u00e9 Cr\u00e9ole, est \u00e9quilibrante et anti \u00e2ge, gr\u00e2ce aux propri\u00e9t\u00e9s r\u00e9gulatrice et anti radicalaire de la fleur d'ylang-ylang. Pour les peaux mixtes, grasses et matures.(Peut s'appliquer matin et soir).","breadcrumb":{"@id":"https:\/\/laurasis.com\/index.php\/produit\/creme-equilibrante-a-lylang-ylang\/#breadcrumb"},"inLanguage":"fr-FR","potentialAction":[{"@type":"ReadAction","target":["https:\/\/laurasis.com\/index.php\/produit\/creme-equilibrante-a-lylang-ylang\/"]}]},{"@type":"BreadcrumbList","@id":"https:\/\/laurasis.com\/index.php\/produit\/creme-equilibrante-a-lylang-ylang\/#breadcrumb","itemListElement":[{"@type":"ListItem","position":1,"name":"Accueil","item":"https:\/\/laurasis.com\/"},{"@type":"ListItem","position":2,"name":"Boutique","item":"https:\/\/laurasis.com\/index.php\/boutique\/"},{"@type":"ListItem","position":3,"name":"Cr\u00e8me de Soin Equilibrante \u00e0 l&#8217;Ylang-ylang"}]},{"@type":"WebSite","@id":"https:\/\/laurasis.com\/#website","url":"https:\/\/laurasis.com\/","name":"LAURASIS","description":"Laurais Beaut\u00e9 Cr\u00e9ole, une oasis de bien-\u00eatre.","publisher":{"@id":"https:\/\/laurasis.com\/#organization"},"potentialAction":[{"@type":"SearchAction","target":{"@type":"EntryPoint","urlTemplate":"https:\/\/laurasis.com\/?s={search_term_string}"},"query-input":{"@type":"PropertyValueSpecification","valueRequired":true,"valueName":"search_term_string"}}],"inLanguage":"fr-FR"},{"@type":"Organization","@id":"https:\/\/laurasis.com\/#organization","name":"Laurasis Beaut\u00e9 Cr\u00e9ole","url":"https:\/\/laurasis.com\/","logo":{"@type":"ImageObject","inLanguage":"fr-FR","@id":"https:\/\/laurasis.com\/#\/schema\/logo\/image\/","url":"https:\/\/laurasis.com\/wp-content\/uploads\/2024\/06\/Logo-LBC-transparent.png","contentUrl":"https:\/\/laurasis.com\/wp-content\/uploads\/2024\/06\/Logo-LBC-transparent.png","width":311,"height":169,"caption":"Laurasis Beaut\u00e9 Cr\u00e9ole"},"image":{"@id":"https:\/\/laurasis.com\/#\/schema\/logo\/image\/"},"sameAs":["https:\/\/www.instagram.com\/LAURASISBEAUTECREOLE\/"]}]}},"_links":{"self":[{"href":"https:\/\/laurasis.com\/index.php\/wp-json\/wp\/v2\/product\/431","targetHints":{"allow":["GET"]}}],"collection":[{"href":"https:\/\/laurasis.com\/index.php\/wp-json\/wp\/v2\/product"}],"about":[{"href":"https:\/\/laurasis.com\/index.php\/wp-json\/wp\/v2\/types\/product"}],"replies":[{"embeddable":true,"href":"https:\/\/laurasis.com\/index.php\/wp-json\/wp\/v2\/comments?post=431"}],"wp:attachment":[{"href":"https:\/\/laurasis.com\/index.php\/wp-json\/wp\/v2\/media?parent=431"}],"wp:term":[{"taxonomy":"product_brand","embeddable":true,"href":"https:\/\/laurasis.com\/index.php\/wp-json\/wp\/v2\/product_brand?post=431"},{"taxonomy":"product_cat","embeddable":true,"href":"https:\/\/laurasis.com\/index.php\/wp-json\/wp\/v2\/product_cat?post=431"},{"taxonomy":"product_tag","embeddable":true,"href":"https:\/\/laurasis.com\/index.php\/wp-json\/wp\/v2\/product_tag?post=431"}],"curies":[{"name":"wp","href":"https:\/\/api.w.org\/{rel}","templated":true}]}}

Crème de Soin Equilibrante à l&rsquo;Ylang-ylang

<h2><strong>Détail du produit </strong></h2>
<p>La crème équilibrante à l&rsquo;Ylang-ylang de Laurasis Beauté Créole (30 ml)<br />
Prix : 25,00 € TTC (hors frais de livraison)</p>
<p>La crème de soin équilibrante à l&rsquo;Ylang-Yang Laurasis Beauté Créole, est équilibrante et anti-âge, grâce aux propriétés régulatrices et anti-radicalaires de la fleur d&rsquo;ylang-ylang.<br />
Pour les peaux mixtes, grasses et matures.<br />
(Peut s&rsquo;appliquer matin et soir).</p>
<h5><em><strong>Crème 100% végétale. Sans conservateurs, sans additifs, ni colorants. </strong></em></h5>
<p><span style="color: #ff0000;"><em><strong>( ⚠ Vendu uniquement en Guadeloupe &#8211; à conserver au frais.)</strong></em></span></p>
<p>Produit fabriqué en Guadeloupe. 🇬🇵</p>

<!-- This site is optimized with the Yoast SEO plugin v27.5 - https://yoast.com/product/yoast-seo-wordpress/ -->
<title>Crème de Soin Equilibrante à l&#039;Ylang-ylang - LAURASIS</title>
<meta name="description" content="Crème de soin Laurasis Beauté Créole. La Crème de Soin Equilibrante à l&#039;Ylang-Yang Laurasis Beauté Créole, est équilibrante et anti âge, grâce aux propriétés régulatrice et anti radicalaire de la fleur d&#039;ylang-ylang. Pour les peaux mixtes, grasses et matures.(Peut s&#039;appliquer matin et soir)." />
<meta name="robots" content="index, follow, max-snippet:-1, max-image-preview:large, max-video-preview:-1" />
<link rel="canonical" href="https://laurasis.com/index.php/produit/creme-equilibrante-a-lylang-ylang/" />
<meta property="og:locale" content="fr_FR" />
<meta property="og:type" content="article" />
<meta property="og:title" content="Crème de Soin Equilibrante à l&#039;Ylang-ylang - LAURASIS" />
<meta property="og:description" content="Crème de soin Laurasis Beauté Créole. La Crème de Soin Equilibrante à l&#039;Ylang-Yang Laurasis Beauté Créole, est équilibrante et anti âge, grâce aux propriétés régulatrice et anti radicalaire de la fleur d&#039;ylang-ylang. Pour les peaux mixtes, grasses et matures.(Peut s&#039;appliquer matin et soir)." />
<meta property="og:url" content="https://laurasis.com/index.php/produit/creme-equilibrante-a-lylang-ylang/" />
<meta property="og:site_name" content="LAURASIS" />
<meta property="article:modified_time" content="2024-06-13T10:52:47+00:00" />
<meta name="twitter:card" content="summary_large_image" />
<script type="application/ld+json" class="yoast-schema-graph">{"@context":"https:\/\/schema.org","@graph":[{"@type":"WebPage","@id":"https:\/\/laurasis.com\/index.php\/produit\/creme-equilibrante-a-lylang-ylang\/","url":"https:\/\/laurasis.com\/index.php\/produit\/creme-equilibrante-a-lylang-ylang\/","name":"Crème de Soin Equilibrante à l'Ylang-ylang - LAURASIS","isPartOf":{"@id":"https:\/\/laurasis.com\/#website"},"datePublished":"2019-08-11T06:09:21+00:00","dateModified":"2024-06-13T10:52:47+00:00","description":"Crème de soin Laurasis Beauté Créole. La Crème de Soin Equilibrante à l'Ylang-Yang Laurasis Beauté Créole, est équilibrante et anti âge, grâce aux propriétés régulatrice et anti radicalaire de la fleur d'ylang-ylang. Pour les peaux mixtes, grasses et matures.(Peut s'appliquer matin et soir).","breadcrumb":{"@id":"https:\/\/laurasis.com\/index.php\/produit\/creme-equilibrante-a-lylang-ylang\/#breadcrumb"},"inLanguage":"fr-FR","potentialAction":[{"@type":"ReadAction","target":["https:\/\/laurasis.com\/index.php\/produit\/creme-equilibrante-a-lylang-ylang\/"]}]},{"@type":"BreadcrumbList","@id":"https:\/\/laurasis.com\/index.php\/produit\/creme-equilibrante-a-lylang-ylang\/#breadcrumb","itemListElement":[{"@type":"ListItem","position":1,"name":"Accueil","item":"https:\/\/laurasis.com\/"},{"@type":"ListItem","position":2,"name":"Boutique","item":"https:\/\/laurasis.com\/index.php\/boutique\/"},{"@type":"ListItem","position":3,"name":"Crème de Soin Equilibrante à l&#8217;Ylang-ylang"}]},{"@type":"WebSite","@id":"https:\/\/laurasis.com\/#website","url":"https:\/\/laurasis.com\/","name":"LAURASIS","description":"Laurais Beauté Créole, une oasis de bien-être.","publisher":{"@id":"https:\/\/laurasis.com\/#organization"},"potentialAction":[{"@type":"SearchAction","target":{"@type":"EntryPoint","urlTemplate":"https:\/\/laurasis.com\/?s={search_term_string}"},"query-input":{"@type":"PropertyValueSpecification","valueRequired":true,"valueName":"search_term_string"}}],"inLanguage":"fr-FR"},{"@type":"Organization","@id":"https:\/\/laurasis.com\/#organization","name":"Laurasis Beauté Créole","url":"https:\/\/laurasis.com\/","logo":{"@type":"ImageObject","inLanguage":"fr-FR","@id":"https:\/\/laurasis.com\/#\/schema\/logo\/image\/","url":"https:\/\/laurasis.com\/wp-content\/uploads\/2024\/06\/Logo-LBC-transparent.png","contentUrl":"https:\/\/laurasis.com\/wp-content\/uploads\/2024\/06\/Logo-LBC-transparent.png","width":311,"height":169,"caption":"Laurasis Beauté Créole"},"image":{"@id":"https:\/\/laurasis.com\/#\/schema\/logo\/image\/"},"sameAs":["https:\/\/www.instagram.com\/LAURASISBEAUTECREOLE\/"]}]}</script>
<!-- / Yoast SEO plugin. -->

Crème de Soin Equilibrante à l'Ylang-ylang - LAURASIS

Crème de soin Laurasis Beauté Créole. La Crème de Soin Equilibrante à l'Ylang-Yang Laurasis Beauté Créole, est équilibrante et anti âge, grâce aux propriétés régulatrice et anti radicalaire de la fleur d'ylang-ylang. Pour les peaux mixtes, grasses et matures.(Peut s'appliquer matin et soir).

Crème de Soin Equilibrante à l&#8217;Ylang-ylang

Laurais Beauté Créole, une oasis de bien-être.

Laurasis Beauté Créole
